{"id":7861,"date":"2023-06-09T09:32:59","date_gmt":"2023-06-09T15:32:59","guid":{"rendered":"https:\/\/datos.bcs.gob.mx\/?page_id=7861"},"modified":"2023-06-09T09:33:00","modified_gmt":"2023-06-09T15:33:00","slug":"padron-de-beneficiarios-secretaria-de-pesca-acuacultura-y-desarrollo-agropecuario","status":"publish","type":"page","link":"https:\/\/datos.bcs.gob.mx\/?page_id=7861","title":{"rendered":"Padr\u00f3n de Beneficiarios, Secretar\u00eda de Pesca, Acuacultura y Desarrollo Agropecuario"},"content":{"rendered":"<p>Se elabora agenda con cursos empresariales gratuitos a trav\u00e9s de empresas, dependencias, organizaciones u organismos especializados y se promocionan por correos electr\u00f3nicos, llamadas telef\u00f3nicas y redes sociales<\/p>\n<div class=\"col-md-6\"><strong>Descargar<\/strong> <a class=\"btn btn-success btn-xs\" href=\"\/wp-content\/themes\/TemaSEPUIT\/assets\/images\/doc\/desarrollo\/sepada\/2023\/PADRON-BENEFICIARIOS-PROGR.-ESTATAL-2022-SEPADA.xlsx\">xls<\/a> <a class=\"btn btn-primary btn-xs\" href=\"\/wp-content\/themes\/TemaSEPUIT\/assets\/images\/doc\/desarrollo\/sepada\/2023\/PADRON-BENEFICIARIOS-PROGR.-ESTATAL-2022-SEPADA.csv\">csv<br \/>\n<\/a><\/div>\n<div class=\"col-md-6\" style=\"padding-bottom: 35px;\"><strong>Diccionario Descargar<\/strong> <a class=\"btn btn-success btn-xs\" href=\"#\">xls<\/a> <a class=\"btn btn-primary btn-xs\" href=\"#\">csv<\/a><\/div>\n<p style=\"text-align: center;\"><span style=\"font-size: 16px;\"><strong>Metadato<\/strong><\/span><\/p>\n<table class=\"table table-striped\" width=\"960\" cellspacing=\"0\" cellpadding=\"0\">\n<tbody>\n<tr>\n<td bgcolor=\"#CCCCCC\"><strong>Campo<\/strong><\/td>\n<td bgcolor=\"#CCCCCC\"><strong>Valor<\/strong><\/td>\n<td bgcolor=\"#CCCCCC\"><\/td>\n<\/tr>\n<tr>\n<td width=\"280\">T\u00edtulo<\/td>\n<td width=\"672\">Padr\u00f3n de Beneficiarios, Secretar\u00eda de Pesca, Acuacultura y Desarrollo Agropecuario<\/td>\n<\/tr>\n<tr>\n<td width=\"280\">Descripci\u00f3n<\/td>\n<td width=\"672\">Padr\u00f3n de Beneficiarios de los Programas Sociales, implementados por la SEPADA<\/td>\n<\/tr>\n<tr>\n<td width=\"280\">Etiquetas<\/td>\n<td width=\"672\">Padr\u00f3n de Beneficiarios<\/td>\n<\/tr>\n<tr>\n<td width=\"280\">Publicado<\/td>\n<td width=\"672\">06\/06\/2023<\/td>\n<\/tr>\n<tr>\n<td width=\"280\">Frecuencia de Actualizaci\u00f3n<\/td>\n<td width=\"672\">Anual<\/td>\n<\/tr>\n<tr>\n<td width=\"280\">\u00daltima modificaci\u00f3n<\/td>\n<td width=\"672\">31\/12\/2022<\/td>\n<\/tr>\n<tr>\n<td width=\"280\">Tema<\/td>\n<td width=\"672\">Geoespacial<\/td>\n<\/tr>\n<tr>\n<td width=\"280\">Nombre del Publicador<\/td>\n<td width=\"672\">Secretaria de Turismo, Econom\u00eda y Sustentabilidad<\/td>\n<\/tr>\n<tr>\n<td width=\"280\">Contacto<\/td>\n<td width=\"672\">Cinthya Lizeth Martinez Cadena<\/td>\n<\/tr>\n<tr>\n<td width=\"280\">Correo electr\u00f3nico<\/td>\n<td width=\"672\"><a href=\"mailto:cinthya_cad@hotmail.com\">cinthya_cad@hotmail.com<\/a><\/td>\n<\/tr>\n<tr>\n<td width=\"280\">Identificador \u00fanico del documento en el cat\u00e1logo de la entidad<\/td>\n<td width=\"672\"><\/td>\n<\/tr>\n<tr>\n<td width=\"280\">Nivel de acceso.<\/td>\n<td width=\"672\">P\u00fablico<\/td>\n<\/tr>\n<\/tbody>\n<\/table>\n","protected":false},"excerpt":{"rendered":"<p>Se elabora agenda con cursos empresariales gratuitos a trav\u00e9s de empresas, dependencias, organizaciones u organismos especializados y se promocionan por correos electr\u00f3nicos, llamadas telef\u00f3nicas y redes sociales Descargar xls csv Diccionario Descargar xls csv Metadato Campo Valor T\u00edtulo Padr\u00f3n de Beneficiarios, Secretar\u00eda de Pesca, Acuacultura y Desarrollo Agropecuario Descripci\u00f3n Padr\u00f3n de Beneficiarios de los Programas &hellip; <a href=\"https:\/\/datos.bcs.gob.mx\/?page_id=7861\">Continued<\/a><\/p>\n","protected":false},"author":1,"featured_media":0,"parent":0,"menu_order":0,"comment_status":"closed","ping_status":"closed","template":"templates\/barra.php","meta":{"_acf_changed":false,"footnotes":"","_links_to":"","_links_to_target":""},"class_list":["post-7861","page","type-page","status-publish","hentry","catalogo_de_datos-economia-desarrollo"],"acf":[],"_links":{"self":[{"href":"https:\/\/datos.bcs.gob.mx\/index.php?rest_route=\/wp\/v2\/pages\/7861"}],"collection":[{"href":"https:\/\/datos.bcs.gob.mx\/index.php?rest_route=\/wp\/v2\/pages"}],"about":[{"href":"https:\/\/datos.bcs.gob.mx\/index.php?rest_route=\/wp\/v2\/types\/page"}],"author":[{"embeddable":true,"href":"https:\/\/datos.bcs.gob.mx\/index.php?rest_route=\/wp\/v2\/users\/1"}],"replies":[{"embeddable":true,"href":"https:\/\/datos.bcs.gob.mx\/index.php?rest_route=%2Fwp%2Fv2%2Fcomments&post=7861"}],"version-history":[{"count":5,"href":"https:\/\/datos.bcs.gob.mx\/index.php?rest_route=\/wp\/v2\/pages\/7861\/revisions"}],"predecessor-version":[{"id":7866,"href":"https:\/\/datos.bcs.gob.mx\/index.php?rest_route=\/wp\/v2\/pages\/7861\/revisions\/7866"}],"wp:attachment":[{"href":"https:\/\/datos.bcs.gob.mx\/index.php?rest_route=%2Fwp%2Fv2%2Fmedia&parent=7861"}],"curies":[{"name":"wp","href":"https:\/\/api.w.org\/{rel}","templated":true}]}}