{"id":6201,"date":"2018-09-21T11:04:26","date_gmt":"2018-09-21T17:04:26","guid":{"rendered":"http:\/\/datos.bcs.gob.mx\/?page_id=6201"},"modified":"2018-12-11T13:35:47","modified_gmt":"2018-12-11T19:35:47","slug":"padron-tramites-realizados-2018","status":"publish","type":"page","link":"https:\/\/datos.bcs.gob.mx\/?page_id=6201","title":{"rendered":"TR\u00c1MITES REALIZADOS DEL REGISTRO P\u00daBLICO DE LA PROPIEDAD Y DEL COMERCIO EN EL A\u00d1O 2017"},"content":{"rendered":"<p><\/br><br \/>\nListado operaciones que\u00a0 fueron tramitados en las 5 oficinas de    Registro P\u00fablico de la Propiedad y el Comercio del Estado de Baja California    Sur<br \/>\n<\/br><\/p>\n<div class=\"col-md-6\"><strong>Descargar<\/strong> <span class=\"glyphicon glyphicon-download-alt\"><\/span> <a class=\"btn btn-success btn-xs\" href=\"wp-content\/themes\/TemaSEPUIT\/assets\/images\/doc\/desarrollo\/reg_pub\/2018\/PADRON DE TRAMITES REALIZADOS BCS-RPPYC-004.xlsx\">xls<\/a> <a class=\"btn btn-primary btn-xs\" href=\"wp-content\/themes\/TemaSEPUIT\/assets\/images\/doc\/desarrollo\/reg_pub\/2018\/PADRON DE TRAMITES REALIZADOS BCS-RPPYC-004.csv\">csv<br \/>\n<\/a><\/div>\n<div style=\"padding-bottom:35px\" class=\"col-md-6\"><strong>Diccionario Descargar<\/strong> <span class=\"glyphicon glyphicon-download-alt\"><\/span>  <a class=\"btn btn-success btn-xs\" href=\"wp-content\/themes\/TemaSEPUIT\/assets\/images\/doc\/desarrollo\/reg_pub\/2018\/DICCIONARIO DE DATOS PADRON DE TRAMITES REALIZADOS BCS-RPPYC-004.xlsx\">xls<\/a> <a class=\"btn btn-primary btn-xs\" href=\"wp-content\/themes\/TemaSEPUIT\/assets\/images\/doc\/desarrollo\/reg_pub\/2018\/DICCIONARIO DE DATOS PADRON DE TRAMITES REALIZADOS BCS-RPPYC-004.csv\">csv<\/a><\/div>\n<p style=\"text-align: center;\"><span style=\"font-size: 16px;\"><strong>Metadato<\/strong><\/span><\/p>\n<table class=\"table table-striped\" width=\"960\" cellspacing=\"0\" cellpadding=\"0\">\n<tbody>\n<tr>\n<td bgcolor=\"#CCCCCC\"><strong>Campo<\/strong><\/td>\n<td bgcolor=\"#CCCCCC\"><strong>Valor<\/strong><\/td>\n<tr>\n<td width=\"399\">Llave\u00a0<\/td>\n<td width=\"751\">Descripci\u00f3n<\/td>\n<\/tr>\n<tr>\n<td width=\"399\">T\u00edtulo<\/td>\n<td width=\"751\">Padr\u00f3n de Tr\u00e1mites realizados    del Registro P\u00fablico de la Propiedad y del Comercio en el a\u00f1o 2017<\/td>\n<\/tr>\n<tr>\n<td width=\"399\">Descripci\u00f3n<\/td>\n<td width=\"751\">Listado operaciones que\u00a0 fueron tramitados en las 5 oficinas de    Registro P\u00fablico de la Propiedad y el Comercio del Estado de Baja California    Sur<\/td>\n<\/tr>\n<tr>\n<td width=\"399\">Etiquetas<\/td>\n<td width=\"751\">&ldquo;registro, p\u00fablico, compra    venta, propiedad, hipoteca, lotificaci\u00f3n, cancelacion, r\u00e9gimen, tr\u00e1mites&rdquo;.<\/td>\n<\/tr>\n<tr>\n<td width=\"399\">Publicado<\/td>\n<td width=\"751\">13\/03\/2018,\u00a0 11:03:00 HRS<\/td>\n<\/tr>\n<tr>\n<td width=\"399\">Frecuencia    de Actualizaci\u00f3n<\/td>\n<td width=\"751\">Anual<\/td>\n<\/tr>\n<tr>\n<td width=\"399\">\u00daltima    modificaci\u00f3n<\/td>\n<td width=\"751\">13\/03\/2018,\u00a0 11:03:00 HRS<\/td>\n<\/tr>\n<tr>\n<td width=\"399\">Tema<\/td>\n<td width=\"751\">Servicios<\/td>\n<\/tr>\n<tr>\n<td width=\"399\">Nombre    del Publicador<\/td>\n<td width=\"751\">Direcci\u00f3n General del Registro    P\u00fablico de la Propiedad y el Comercio<\/td>\n<\/tr>\n<tr>\n<td width=\"399\">Contacto<\/td>\n<td width=\"751\">Guillermo Manuel Porras Gonz\u00e1lez<\/td>\n<\/tr>\n<tr>\n<td width=\"399\">Correo    electr\u00f3nico\u00a0<\/td>\n<td width=\"751\"><a href=\"mailto:guillermo.porras@bcs.gob.mx\">guillermo.porras@bcs.gob.mx<\/a><\/td>\n<\/tr>\n<tr>\n<td width=\"399\">Identificador    \u00fanico del documento en el cat\u00e1logo de la entidad.\u00a0<\/td>\n<td width=\"751\">BCS-RPPYC-004<\/td>\n<\/tr>\n<tr>\n<td width=\"399\">Nivel    de acceso.\u00a0<\/td>\n<td width=\"751\">P\u00fablico<\/td>\n<\/tr>\n<\/table>\n","protected":false},"excerpt":{"rendered":"<p>Listado operaciones que\u00a0 fueron tramitados en las 5 oficinas de Registro P\u00fablico de la Propiedad y el Comercio del Estado de Baja California Sur Descargar xls csv Diccionario Descargar xls csv Metadato Campo Valor Llave\u00a0 Descripci\u00f3n T\u00edtulo Padr\u00f3n de Tr\u00e1mites realizados del Registro P\u00fablico de la Propiedad y del Comercio en el a\u00f1o 2017 Descripci\u00f3n &hellip; <a href=\"https:\/\/datos.bcs.gob.mx\/?page_id=6201\">Continued<\/a><\/p>\n","protected":false},"author":1,"featured_media":0,"parent":0,"menu_order":0,"comment_status":"closed","ping_status":"closed","template":"templates\/barra.php","meta":{"_acf_changed":false,"footnotes":"","_links_to":"","_links_to_target":""},"class_list":["post-6201","page","type-page","status-publish","hentry","catalogo_de_datos-registro-publico"],"acf":[],"_links":{"self":[{"href":"https:\/\/datos.bcs.gob.mx\/index.php?rest_route=\/wp\/v2\/pages\/6201"}],"collection":[{"href":"https:\/\/datos.bcs.gob.mx\/index.php?rest_route=\/wp\/v2\/pages"}],"about":[{"href":"https:\/\/datos.bcs.gob.mx\/index.php?rest_route=\/wp\/v2\/types\/page"}],"author":[{"embeddable":true,"href":"https:\/\/datos.bcs.gob.mx\/index.php?rest_route=\/wp\/v2\/users\/1"}],"replies":[{"embeddable":true,"href":"https:\/\/datos.bcs.gob.mx\/index.php?rest_route=%2Fwp%2Fv2%2Fcomments&post=6201"}],"version-history":[{"count":7,"href":"https:\/\/datos.bcs.gob.mx\/index.php?rest_route=\/wp\/v2\/pages\/6201\/revisions"}],"predecessor-version":[{"id":7548,"href":"https:\/\/datos.bcs.gob.mx\/index.php?rest_route=\/wp\/v2\/pages\/6201\/revisions\/7548"}],"wp:attachment":[{"href":"https:\/\/datos.bcs.gob.mx\/index.php?rest_route=%2Fwp%2Fv2%2Fmedia&parent=6201"}],"curies":[{"name":"wp","href":"https:\/\/api.w.org\/{rel}","templated":true}]}}