{"id":6179,"date":"2018-09-21T09:33:43","date_gmt":"2018-09-21T15:33:43","guid":{"rendered":"http:\/\/datos.bcs.gob.mx\/?page_id=6179"},"modified":"2018-09-25T11:27:15","modified_gmt":"2018-09-25T17:27:15","slug":"registro-publico-la-propiedad","status":"publish","type":"page","link":"https:\/\/datos.bcs.gob.mx\/?page_id=6179","title":{"rendered":"Registro P\u00fablico de la Propiedad y del Comercio"},"content":{"rendered":"<p>Padrones Publicados (5)<br \/>\n<style>.wp-show-posts-columns#wpsp-6178 {margin-left: -2em; }.wp-show-posts-columns#wpsp-6178 .wp-show-posts-inner {margin: 0 0 2em 2em; }<\/style><section id=\"wpsp-6178\" class=\" wp-show-posts\" style=\"\"><article class=\" wp-show-posts-single wpsp-clearfix post-6299 page type-page status-publish hentry catalogo_de_datos-registro-publico\" itemtype=\"http:\/\/schema.org\/CreativeWork\" itemscope><div class=\"wp-show-posts-inner\" style=\"\">\t\t\t\t\t\t<header class=\"wp-show-posts-entry-header\">\n\t\t\t\t\t\t\t<h5 class=\"wp-show-posts-entry-title\" itemprop=\"headline\"><a href=\"https:\/\/datos.bcs.gob.mx\/?page_id=6299\" rel=\"bookmark\">DIRECTORIO DE LOS REGISTROS P\u00daBLICOS DE  LA PROPIEDAD Y DEL COMERCIO EN EL ESTADO DE BAJA CALIFORNIA SUR<\/a><\/h5><div class=\"wp-show-posts-entry-meta wp-show-posts-entry-meta-below-title post-meta-inline\"><span class=\"wp-show-posts-posted-on wp-show-posts-meta\">\n\t\t\t\t\t<a href=\"https:\/\/datos.bcs.gob.mx\/?page_id=6299\" title=\"12:48 pm\" rel=\"bookmark\"><time class=\"wp-show-posts-entry-date published\" datetime=\"2018-09-24T12:48:28-06:00\" itemprop=\"datePublished\">24 septiembre, 2018<\/time><time class=\"wp-show-posts-updated\" datetime=\"2018-10-08T15:47:38-06:00\" itemprop=\"dateModified\">8 octubre, 2018<\/time><\/a>\n\t\t\t\t<\/span><\/div>\t\t\t\t\t\t<\/header><!-- .entry-header -->\n\t\t\t\t\t<\/div><!-- wp-show-posts-inner --><div class=\"wpsp-clear\"><\/div><\/article><article class=\" wp-show-posts-single wpsp-clearfix post-6201 page type-page status-publish hentry catalogo_de_datos-registro-publico\" itemtype=\"http:\/\/schema.org\/CreativeWork\" itemscope><div class=\"wp-show-posts-inner\" style=\"\">\t\t\t\t\t\t<header class=\"wp-show-posts-entry-header\">\n\t\t\t\t\t\t\t<h5 class=\"wp-show-posts-entry-title\" itemprop=\"headline\"><a href=\"https:\/\/datos.bcs.gob.mx\/?page_id=6201\" rel=\"bookmark\">TR\u00c1MITES REALIZADOS DEL REGISTRO P\u00daBLICO DE LA PROPIEDAD Y DEL COMERCIO EN EL A\u00d1O 2017<\/a><\/h5><div class=\"wp-show-posts-entry-meta wp-show-posts-entry-meta-below-title post-meta-inline\"><span class=\"wp-show-posts-posted-on wp-show-posts-meta\">\n\t\t\t\t\t<a href=\"https:\/\/datos.bcs.gob.mx\/?page_id=6201\" title=\"11:04 am\" rel=\"bookmark\"><time class=\"wp-show-posts-entry-date published\" datetime=\"2018-09-21T11:04:26-06:00\" itemprop=\"datePublished\">21 septiembre, 2018<\/time><time class=\"wp-show-posts-updated\" datetime=\"2018-12-11T13:35:47-06:00\" itemprop=\"dateModified\">11 diciembre, 2018<\/time><\/a>\n\t\t\t\t<\/span><\/div>\t\t\t\t\t\t<\/header><!-- .entry-header -->\n\t\t\t\t\t<\/div><!-- wp-show-posts-inner --><div class=\"wpsp-clear\"><\/div><\/article><article class=\" wp-show-posts-single wpsp-clearfix post-6194 page type-page status-publish hentry catalogo_de_datos-registro-publico\" itemtype=\"http:\/\/schema.org\/CreativeWork\" itemscope><div class=\"wp-show-posts-inner\" style=\"\">\t\t\t\t\t\t<header class=\"wp-show-posts-entry-header\">\n\t\t\t\t\t\t\t<h5 class=\"wp-show-posts-entry-title\" itemprop=\"headline\"><a href=\"https:\/\/datos.bcs.gob.mx\/?page_id=6194\" rel=\"bookmark\">PROPIEDADES DE REGISTRO P\u00daBLICO DE LA PROPIEDAD Y DEL COMERCIO<\/a><\/h5><div class=\"wp-show-posts-entry-meta wp-show-posts-entry-meta-below-title post-meta-inline\"><span class=\"wp-show-posts-posted-on wp-show-posts-meta\">\n\t\t\t\t\t<a href=\"https:\/\/datos.bcs.gob.mx\/?page_id=6194\" title=\"10:47 am\" rel=\"bookmark\"><time class=\"wp-show-posts-entry-date published\" datetime=\"2018-09-21T10:47:33-06:00\" itemprop=\"datePublished\">21 septiembre, 2018<\/time><time class=\"wp-show-posts-updated\" datetime=\"2018-12-11T13:02:58-06:00\" itemprop=\"dateModified\">11 diciembre, 2018<\/time><\/a>\n\t\t\t\t<\/span><\/div>\t\t\t\t\t\t<\/header><!-- .entry-header -->\n\t\t\t\t\t<\/div><!-- wp-show-posts-inner --><div class=\"wpsp-clear\"><\/div><\/article><article class=\" wp-show-posts-single wpsp-clearfix post-6183 page type-page status-publish hentry catalogo_de_datos-registro-publico\" itemtype=\"http:\/\/schema.org\/CreativeWork\" itemscope><div class=\"wp-show-posts-inner\" style=\"\">\t\t\t\t\t\t<header class=\"wp-show-posts-entry-header\">\n\t\t\t\t\t\t\t<h5 class=\"wp-show-posts-entry-title\" itemprop=\"headline\"><a href=\"https:\/\/datos.bcs.gob.mx\/?page_id=6183\" rel=\"bookmark\">CONCEPTOS DE COBRO DEL REGISTRO P\u00daBLICO DE LA PROPIEDAD Y DEL COMERCIO DEL ESTADO DE BAJA CALIFORNIA SUR<\/a><\/h5><div class=\"wp-show-posts-entry-meta wp-show-posts-entry-meta-below-title post-meta-inline\"><span class=\"wp-show-posts-posted-on wp-show-posts-meta\">\n\t\t\t\t\t<a href=\"https:\/\/datos.bcs.gob.mx\/?page_id=6183\" title=\"9:50 am\" rel=\"bookmark\"><time class=\"wp-show-posts-entry-date published\" datetime=\"2018-09-21T09:50:56-06:00\" itemprop=\"datePublished\">21 septiembre, 2018<\/time><time class=\"wp-show-posts-updated\" datetime=\"2019-01-24T16:24:18-06:00\" itemprop=\"dateModified\">24 enero, 2019<\/time><\/a>\n\t\t\t\t<\/span><\/div>\t\t\t\t\t\t<\/header><!-- .entry-header -->\n\t\t\t\t\t<\/div><!-- wp-show-posts-inner --><div class=\"wpsp-clear\"><\/div><\/article><article class=\" wp-show-posts-single wpsp-clearfix post-6176 page type-page status-publish hentry catalogo_de_datos-registro-publico\" itemtype=\"http:\/\/schema.org\/CreativeWork\" itemscope><div class=\"wp-show-posts-inner\" style=\"\">\t\t\t\t\t\t<header class=\"wp-show-posts-entry-header\">\n\t\t\t\t\t\t\t<h5 class=\"wp-show-posts-entry-title\" itemprop=\"headline\"><a href=\"https:\/\/datos.bcs.gob.mx\/?page_id=6176\" rel=\"bookmark\">NOTARIOS P\u00daBLICOS DEL ESTADO DE BAJA CALIFORNIA SUR<\/a><\/h5><div class=\"wp-show-posts-entry-meta wp-show-posts-entry-meta-below-title post-meta-inline\"><span class=\"wp-show-posts-posted-on wp-show-posts-meta\">\n\t\t\t\t\t<a href=\"https:\/\/datos.bcs.gob.mx\/?page_id=6176\" title=\"9:30 am\" rel=\"bookmark\"><time class=\"wp-show-posts-entry-date published\" datetime=\"2018-09-21T09:30:37-06:00\" itemprop=\"datePublished\">21 septiembre, 2018<\/time><time class=\"wp-show-posts-updated\" datetime=\"2019-01-24T16:27:56-06:00\" itemprop=\"dateModified\">24 enero, 2019<\/time><\/a>\n\t\t\t\t<\/span><\/div>\t\t\t\t\t\t<\/header><!-- .entry-header -->\n\t\t\t\t\t<\/div><!-- wp-show-posts-inner --><div class=\"wpsp-clear\"><\/div><\/article><\/section><!-- .wp-show-posts -->\n","protected":false},"excerpt":{"rendered":"<p>Padrones Publicados (5)<\/p>\n","protected":false},"author":1,"featured_media":0,"parent":0,"menu_order":0,"comment_status":"closed","ping_status":"closed","template":"","meta":{"_acf_changed":false,"footnotes":"","_links_to":"","_links_to_target":""},"class_list":["post-6179","page","type-page","status-publish","hentry"],"acf":[],"_links":{"self":[{"href":"https:\/\/datos.bcs.gob.mx\/index.php?rest_route=\/wp\/v2\/pages\/6179"}],"collection":[{"href":"https:\/\/datos.bcs.gob.mx\/index.php?rest_route=\/wp\/v2\/pages"}],"about":[{"href":"https:\/\/datos.bcs.gob.mx\/index.php?rest_route=\/wp\/v2\/types\/page"}],"author":[{"embeddable":true,"href":"https:\/\/datos.bcs.gob.mx\/index.php?rest_route=\/wp\/v2\/users\/1"}],"replies":[{"embeddable":true,"href":"https:\/\/datos.bcs.gob.mx\/index.php?rest_route=%2Fwp%2Fv2%2Fcomments&post=6179"}],"version-history":[{"count":5,"href":"https:\/\/datos.bcs.gob.mx\/index.php?rest_route=\/wp\/v2\/pages\/6179\/revisions"}],"predecessor-version":[{"id":6339,"href":"https:\/\/datos.bcs.gob.mx\/index.php?rest_route=\/wp\/v2\/pages\/6179\/revisions\/6339"}],"wp:attachment":[{"href":"https:\/\/datos.bcs.gob.mx\/index.php?rest_route=%2Fwp%2Fv2%2Fmedia&parent=6179"}],"curies":[{"name":"wp","href":"https:\/\/api.w.org\/{rel}","templated":true}]}}