{"id":6068,"date":"2018-09-19T10:44:51","date_gmt":"2018-09-19T16:44:51","guid":{"rendered":"http:\/\/datos.bcs.gob.mx\/?page_id=6068"},"modified":"2019-08-28T11:14:47","modified_gmt":"2019-08-28T17:14:47","slug":"padron-planteles-educativos-publicos-privados-educacion-primaria-en-baja-california-sur","status":"publish","type":"page","link":"https:\/\/datos.bcs.gob.mx\/?page_id=6068","title":{"rendered":"PLANTELES EDUCATIVOS DE EDUCACI\u00d3N PRIMARIA"},"content":{"rendered":"<p>Padr\u00f3n de planteles educativos p\u00fablicos y privados de Educaci\u00f3n Primaria en el Estado de Baja California Sur.<br \/>\n<ul class=\"nav nav-tabs\" id=\"\"><li class=\"active\"><a href=\"#custom-tab-0-ea6b2efbdd4255a9f1b3bbc6399b58f4\" data-toggle=\"tab\" >2019<\/a><\/li><li><a href=\"#custom-tab-0-84ddfb34126fc3a48ee38d7044e87276\" data-toggle=\"tab\" >2018<\/a><\/li><\/ul><div class=\"tab-content\">\n    <div id=\"custom-tab-0-ea6b2efbdd4255a9f1b3bbc6399b58f4\" class=\"tab-pane active\">\n<div class=\"alert alert-info text-center\"><strong style=\"font-size: 20px;\">2019<\/strong><\/div>\n<div class=\"col-md-6\"><strong>Descargar<\/strong> <a class=\"btn btn-success btn-xs\" href=\"wp-content\/themes\/TemaSEPUIT\/assets\/images\/doc\/sep\/2019\/PADRON PRIMARIAS.xlsx\">xls<\/a> <a class=\"btn btn-primary btn-xs\" href=\"wp-content\/themes\/TemaSEPUIT\/assets\/images\/doc\/sep\/2019\/PADRON PRIMARIAS.csv\">csv<br \/>\n<\/a><\/div>\n<div class=\"col-md-6\" style=\"padding-bottom: 35px;\"><strong>Diccionario Descargar<\/strong> <a class=\"btn btn-success btn-xs\" href=\"wp-content\/themes\/TemaSEPUIT\/assets\/images\/doc\/sep\/2018\/DICCIONARIO PADRON PRIMARIAS.xlsx\">xls<\/a> <a class=\"btn btn-primary btn-xs\" href=\"wp-content\/themes\/TemaSEPUIT\/assets\/images\/doc\/sep\/2018\/DICCIONARIO PADRON PRIMARIAS.csv\">csv<\/a><\/div>\n<p style=\"text-align: center;\"><span style=\"font-size: 16px;\"><strong>Metadato<\/strong><\/span><\/p>\n<table class=\"table table-striped\" width=\"960\" cellspacing=\"0\" cellpadding=\"0\">\n<tbody>\n<tr>\n<td width=\"211\">T\u00edtulo<\/td>\n<td width=\"631\">Padr\u00f3n de Planteles Educativos de Educaci\u00f3n Primaria .<\/td>\n<\/tr>\n<tr>\n<td width=\"211\">Descripci\u00f3n<\/td>\n<td width=\"631\">Padr\u00f3n de planteles educativos p\u00fablicos y privados de Educaci\u00f3n Primaria en el Estado de Baja California Sur.<\/td>\n<\/tr>\n<tr>\n<td width=\"211\">Etiquetas<\/td>\n<td width=\"631\">\u201cplantel, matricula, localidad \u201d.<\/td>\n<\/tr>\n<tr>\n<td width=\"211\">Publicado<\/td>\n<td width=\"631\">29\/03\/2019,  11:30:00 HRS<\/td>\n<\/tr>\n<tr>\n<td width=\"211\">Frecuencia de Actualizaci\u00f3n<\/td>\n<td width=\"631\">Ciclo escolar.<\/td>\n<\/tr>\n<tr>\n<td width=\"211\">\u00daltima modificaci\u00f3n<\/td>\n<td width=\"631\">01\/03\/2019,  11:03:00 HRS<\/td>\n<\/tr>\n<tr>\n<td width=\"211\">Tema<\/td>\n<td width=\"631\">Educaci\u00f3n.<\/td>\n<\/tr>\n<tr>\n<td width=\"211\">Nombre del Publicador<\/td>\n<td width=\"631\">Direcci\u00f3n de Educaci\u00f3n Primaria.<\/td>\n<\/tr>\n<tr>\n<td width=\"211\">Contacto<\/td>\n<td width=\"631\">Felipe Reyes Amador.<\/td>\n<\/tr>\n<tr>\n<td width=\"211\">Correo electr\u00f3nico<\/td>\n<td width=\"631\"><a href=\"mailto:preescolar@sepbcs.gob.mx\">primarias@sepbcs.gob.mx\u00a0\u00a0 y\u00a0\u00a0\u00a0 dirprimarias@sepbcs.gobmx<\/a><\/td>\n<\/tr>\n<tr>\n<td width=\"211\">Identificador \u00fanico del documento en el cat\u00e1logo de la entidad.<\/td>\n<td width=\"631\">BCS-SEP-DEP-268<\/td>\n<\/tr>\n<tr>\n<td width=\"211\">Nivel de acceso.<\/td>\n<td width=\"631\">P\u00fablico<\/td>\n<\/tr>\n<\/tbody>\n<\/table>\n<\/div>\n<div id=\"custom-tab-0-84ddfb34126fc3a48ee38d7044e87276\" class=\"tab-pane\">\n<div class=\"alert alert-success text-center\"><strong style=\"font-size: 14px;\">2018<\/strong><\/div>\n<div class=\"col-md-6\"><strong>Descargar<\/strong> <a class=\"btn btn-success btn-xs\" href=\"wp-content\/themes\/TemaSEPUIT\/assets\/images\/doc\/sep\/2018\/PADRON PRIMARIAS.xlsx\">xls<\/a> <a class=\"btn btn-primary btn-xs\" href=\"wp-content\/themes\/TemaSEPUIT\/assets\/images\/doc\/sep\/2018\/PADRON PRIMARIAS.csv\">csv<br \/>\n<\/a><\/div>\n<div class=\"col-md-6\" style=\"padding-bottom: 35px;\"><strong>Diccionario Descargar<\/strong> <a class=\"btn btn-success btn-xs\" href=\"wp-content\/themes\/TemaSEPUIT\/assets\/images\/doc\/sep\/2018\/DICCIONARIO PADRON PRIMARIAS.xlsx\">xls<\/a> <a class=\"btn btn-primary btn-xs\" href=\"wp-content\/themes\/TemaSEPUIT\/assets\/images\/doc\/sep\/2018\/DICCIONARIO PADRON PRIMARIAS.csv\">csv<\/a><\/div>\n<p style=\"text-align: center;\"><span style=\"font-size: 16px;\"><strong>Metadato<\/strong><\/span><\/p>\n<table class=\"table table-striped\" width=\"960\" cellspacing=\"0\" cellpadding=\"0\">\n<tbody>\n<tr>\n<td width=\"211\">T\u00edtulo<\/td>\n<td width=\"631\">Padr\u00f3n de Planteles Educativos de Educaci\u00f3n Primaria .<\/td>\n<\/tr>\n<tr>\n<td width=\"211\">Descripci\u00f3n<\/td>\n<td width=\"631\">Padr\u00f3n de planteles educativos p\u00fablicos y privados de Educaci\u00f3n Primaria en el Estado de Baja California Sur.<\/td>\n<\/tr>\n<tr>\n<td width=\"211\">Etiquetas<\/td>\n<td width=\"631\">\u201cplantel, matricula, localidad \u201d.<\/td>\n<\/tr>\n<tr>\n<td width=\"211\">Publicado<\/td>\n<td width=\"631\">29\/03\/2018,  11:30:00 HRS<\/td>\n<\/tr>\n<tr>\n<td width=\"211\">Frecuencia de Actualizaci\u00f3n<\/td>\n<td width=\"631\">Ciclo escolar.<\/td>\n<\/tr>\n<tr>\n<td width=\"211\">\u00daltima modificaci\u00f3n<\/td>\n<td width=\"631\">01\/03\/2019,  11:03:00 HRS<\/td>\n<\/tr>\n<tr>\n<td width=\"211\">Tema<\/td>\n<td width=\"631\">Educaci\u00f3n.<\/td>\n<\/tr>\n<tr>\n<td width=\"211\">Nombre del Publicador<\/td>\n<td width=\"631\">Direcci\u00f3n de Educaci\u00f3n Primaria.<\/td>\n<\/tr>\n<tr>\n<td width=\"211\">Contacto<\/td>\n<td width=\"631\">Felipe Reyes Amador.<\/td>\n<\/tr>\n<tr>\n<td width=\"211\">Correo electr\u00f3nico<\/td>\n<td width=\"631\"><a href=\"mailto:preescolar@sepbcs.gob.mx\">primarias@sepbcs.gob.mx   y    dirprimarias@sepbcs.gobmx<\/a><\/td>\n<\/tr>\n<tr>\n<td width=\"211\">Identificador \u00fanico del documento en el cat\u00e1logo de la entidad.<\/td>\n<td width=\"631\">BCS-SEP-DEP-268<\/td>\n<\/tr>\n<tr>\n<td width=\"211\">Nivel de acceso.<\/td>\n<td width=\"631\">P\u00fablico<\/td>\n<\/tr>\n<\/tbody>\n<\/table>\n<\/div>\n<\/div>\n","protected":false},"excerpt":{"rendered":"<p>Padr\u00f3n de planteles educativos p\u00fablicos y privados de Educaci\u00f3n Primaria en el Estado de Baja California Sur.<\/p>\n","protected":false},"author":1,"featured_media":0,"parent":0,"menu_order":0,"comment_status":"closed","ping_status":"closed","template":"templates\/barra.php","meta":{"_acf_changed":false,"footnotes":"","_links_to":"","_links_to_target":""},"class_list":["post-6068","page","type-page","status-publish","hentry","catalogo_de_datos-educacion"],"acf":[],"_links":{"self":[{"href":"https:\/\/datos.bcs.gob.mx\/index.php?rest_route=\/wp\/v2\/pages\/6068"}],"collection":[{"href":"https:\/\/datos.bcs.gob.mx\/index.php?rest_route=\/wp\/v2\/pages"}],"about":[{"href":"https:\/\/datos.bcs.gob.mx\/index.php?rest_route=\/wp\/v2\/types\/page"}],"author":[{"embeddable":true,"href":"https:\/\/datos.bcs.gob.mx\/index.php?rest_route=\/wp\/v2\/users\/1"}],"replies":[{"embeddable":true,"href":"https:\/\/datos.bcs.gob.mx\/index.php?rest_route=%2Fwp%2Fv2%2Fcomments&post=6068"}],"version-history":[{"count":19,"href":"https:\/\/datos.bcs.gob.mx\/index.php?rest_route=\/wp\/v2\/pages\/6068\/revisions"}],"predecessor-version":[{"id":7768,"href":"https:\/\/datos.bcs.gob.mx\/index.php?rest_route=\/wp\/v2\/pages\/6068\/revisions\/7768"}],"wp:attachment":[{"href":"https:\/\/datos.bcs.gob.mx\/index.php?rest_route=%2Fwp%2Fv2%2Fmedia&parent=6068"}],"curies":[{"name":"wp","href":"https:\/\/api.w.org\/{rel}","templated":true}]}}