{"id":5860,"date":"2018-09-17T14:27:28","date_gmt":"2018-09-17T20:27:28","guid":{"rendered":"http:\/\/datos.bcs.gob.mx\/?page_id=5860"},"modified":"2018-10-05T21:30:01","modified_gmt":"2018-10-06T03:30:01","slug":"padron-nacimientos-2015","status":"publish","type":"page","link":"https:\/\/datos.bcs.gob.mx\/?page_id=5860","title":{"rendered":"NACIMIENTOS POR MUNICIPIOS DE 2015"},"content":{"rendered":"<p><\/br><br \/>\nListado de nacimientos registrados en el Estado de Baja California Sur.<br \/>\n<\/br><\/p>\n<div class=\"col-md-6\"><strong>Descargar<\/strong> <span class=\"glyphicon glyphicon-download-alt\"><\/span> <a class=\"btn btn-success btn-xs\" href=\"wp-content\/themes\/TemaSEPUIT\/assets\/images\/doc\/salud\/2015\/PADRON_NACIMIENTOS.xls\">xls<\/a> <a class=\"btn btn-primary btn-xs\" href=\"wp-content\/themes\/TemaSEPUIT\/assets\/images\/doc\/salud\/2015\/PADRON_NACIMIENTOS.csv\">csv<br \/>\n<\/a><\/div>\n<div style=\"padding-bottom:35px\" class=\"col-md-6\">Diccionario Descargar <span class=\"glyphicon glyphicon-download-alt\"><\/span>  <a class=\"btn btn-success btn-xs\" href=\"wp-content\/themes\/TemaSEPUIT\/assets\/images\/doc\/salud\/2015\/DICCIONARIO_NACIMIENTOS.xls\">xls<\/a> <a class=\"btn btn-primary btn-xs\" href=\"wp-content\/themes\/TemaSEPUIT\/assets\/images\/doc\/salud\/2015\/DICCIONARIO_NACIMIENTOS.csv\">csv<\/a><\/div>\n<p style=\"text-align: center;\"><span style=\"font-size: 16px;\"><strong>Metadato<\/strong><\/span><\/p>\n<table class=\"table table-striped\" width=\"960\" cellspacing=\"0\" cellpadding=\"0\">\n<tbody>\n<tr>\n<td bgcolor=\"#CCCCCC\"><strong>Campo<\/strong><\/td>\n<td bgcolor=\"#CCCCCC\"><strong>Valor<\/strong><\/td>\n<\/tr>\n<tr>\n<td width=\"493\">T\u00edtulo<\/td>\n<td width=\"564\">Nacimientos por Municipios de 2015<\/td>\n<\/tr>\n<tr>\n<td width=\"493\">Descripci\u00f3n<\/td>\n<td width=\"564\">Listado de nacimientos  registrados en el Estado de Baja California Sur.<\/td>\n<\/tr>\n<tr>\n<td width=\"493\">Etiquetas<\/td>\n<td width=\"564\">Nacimientos, baja california  sur.<\/td>\n<\/tr>\n<tr>\n<td width=\"493\">Publicado<\/td>\n<td width=\"564\">&nbsp;<\/td>\n<\/tr>\n<tr>\n<td width=\"493\">Frecuencia    de Actualizaci\u00f3n<\/td>\n<td width=\"564\">Anual<\/td>\n<\/tr>\n<tr>\n<td width=\"493\">\u00daltima    modificaci\u00f3n<\/td>\n<td width=\"564\">&nbsp;<\/td>\n<\/tr>\n<tr>\n<td width=\"493\">Tema<\/td>\n<td width=\"564\">Salud<\/td>\n<\/tr>\n<tr>\n<td width=\"493\">Nombre    del Publicador<\/td>\n<td width=\"564\">Secretar\u00eda de Salud en Baja    California Sur<\/td>\n<\/tr>\n<tr>\n<td width=\"493\">Contacto<\/td>\n<td width=\"564\">Lic. Selene Marisol Ortega    Castro<\/td>\n<\/tr>\n<tr>\n<td width=\"493\">Correo    electr\u00f3nico <\/td>\n<td width=\"564\"><a href=\"mailto:selene.ortega@saludbcs.gob.mx\">selene.ortega@saludbcs.gob.mx<\/a><\/td>\n<\/tr>\n<tr>\n<td width=\"493\">Identificador    \u00fanico del documento en el cat\u00e1logo de la entidad. <\/td>\n<td width=\"564\">BCS-ISSBCS-014<\/td>\n<\/tr>\n<tr>\n<td width=\"493\">Nivel    de acceso. <\/td>\n<td width=\"564\">P\u00fablico<\/td>\n<\/tr>\n<\/table>\n","protected":false},"excerpt":{"rendered":"<p>Listado de nacimientos registrados en el Estado de Baja California Sur. Descargar xls csv Diccionario Descargar xls csv Metadato Campo Valor T\u00edtulo Nacimientos por Municipios de 2015 Descripci\u00f3n Listado de nacimientos registrados en el Estado de Baja California Sur. Etiquetas Nacimientos, baja california sur. Publicado &nbsp; Frecuencia de Actualizaci\u00f3n Anual \u00daltima modificaci\u00f3n &nbsp; Tema Salud &hellip; <a href=\"https:\/\/datos.bcs.gob.mx\/?page_id=5860\">Continued<\/a><\/p>\n","protected":false},"author":1,"featured_media":0,"parent":0,"menu_order":0,"comment_status":"closed","ping_status":"closed","template":"templates\/barra.php","meta":{"_acf_changed":false,"footnotes":"","_links_to":"","_links_to_target":""},"class_list":["post-5860","page","type-page","status-publish","hentry","catalogo_de_datos-salud"],"acf":[],"_links":{"self":[{"href":"https:\/\/datos.bcs.gob.mx\/index.php?rest_route=\/wp\/v2\/pages\/5860"}],"collection":[{"href":"https:\/\/datos.bcs.gob.mx\/index.php?rest_route=\/wp\/v2\/pages"}],"about":[{"href":"https:\/\/datos.bcs.gob.mx\/index.php?rest_route=\/wp\/v2\/types\/page"}],"author":[{"embeddable":true,"href":"https:\/\/datos.bcs.gob.mx\/index.php?rest_route=\/wp\/v2\/users\/1"}],"replies":[{"embeddable":true,"href":"https:\/\/datos.bcs.gob.mx\/index.php?rest_route=%2Fwp%2Fv2%2Fcomments&post=5860"}],"version-history":[{"count":5,"href":"https:\/\/datos.bcs.gob.mx\/index.php?rest_route=\/wp\/v2\/pages\/5860\/revisions"}],"predecessor-version":[{"id":6967,"href":"https:\/\/datos.bcs.gob.mx\/index.php?rest_route=\/wp\/v2\/pages\/5860\/revisions\/6967"}],"wp:attachment":[{"href":"https:\/\/datos.bcs.gob.mx\/index.php?rest_route=%2Fwp%2Fv2%2Fmedia&parent=5860"}],"curies":[{"name":"wp","href":"https:\/\/api.w.org\/{rel}","templated":true}]}}