{"id":5711,"date":"2018-09-15T10:19:14","date_gmt":"2018-09-15T16:19:14","guid":{"rendered":"http:\/\/datos.bcs.gob.mx\/?page_id=5711"},"modified":"2018-12-10T15:07:44","modified_gmt":"2018-12-10T21:07:44","slug":"padron-defunciones-2017","status":"publish","type":"page","link":"https:\/\/datos.bcs.gob.mx\/?page_id=5711","title":{"rendered":"DEFUNCIONES POR MUNICIPIOS 2008-2017"},"content":{"rendered":"<p><\/br><br \/>\nPADR\u00d3N DE DEFUNCIONES POR MUNICIPIOS 2008-2017<br \/>\n<\/br><\/p>\n<div class=\"col-md-6\">\n<strong>Descargar<\/strong>  <span class=\"glyphicon glyphicon-download-alt\"> <\/span> <a class=\"btn btn-success btn-xs\" href=\"wp-content\/themes\/TemaSEPUIT\/assets\/images\/doc\/desarrollo\/reg_civil\/2008-2017\/PADRON_DEFUNCIONES.xls\">xls<\/a> <a class=\"btn btn-primary btn-xs\" href=\"wp-content\/themes\/TemaSEPUIT\/assets\/images\/doc\/desarrollo\/reg_civil\/2008-2017\/PADRON_DEFUNCIONES.csv\">csv<br \/>\n<\/a>\n<\/div>\n<div style=\"padding-bottom:35px\" class=\"col-md-6\">\nDiccionario Descargar  <span class=\"glyphicon glyphicon-download-alt\"> <\/span> <a class=\"btn btn-success btn-xs\" href=\"wp-content\/themes\/TemaSEPUIT\/assets\/images\/doc\/desarrollo\/reg_civil\/2008-2017\/DICCIONARIO_DEFUNCIONES.xls\">xls<\/a> <a class=\"btn btn-primary btn-xs\" href=\"wp-content\/themes\/TemaSEPUIT\/assets\/images\/doc\/desarrollo\/reg_civil\/2008-2017\/DICCIONARIO_DEFUNCIONES.csv\">csv<br \/>\n<\/a>\n<\/div>\n<p style=\"text-align: center;\"><span style=\"font-size: 16px;\"><strong>Metadato<\/strong><\/span><\/p>\n<table class=\"table table-striped\"  width=\"987\" cellspacing=\"0\" cellpadding=\"0\">\n<tbody>\n<tr>\n<td bgcolor=\"#CCCCCC\"><strong>Campo<\/strong><\/td>\n<td bgcolor=\"#CCCCCC\"><strong>Valor<\/strong><\/td>\n<\/tr>\n<tr>\n<td width=\"470\">T\u00edtulo<\/td>\n<td width=\"316\">PADR\u00d3N DE DEFUNCIONES POR MUNICIPIOS 2008-2017<\/td>\n<\/tr>\n<tr>\n<td width=\"470\">Etiquetas<\/td>\n<td width=\"316\">&#8220;Defunciones,Registros,Municipio,Oficialia,A\u00f1o&#8221;.<\/td>\n<\/tr>\n<tr>\n<td width=\"470\">Publicado<\/td>\n<td width=\"316\">01\/01\/2018, 11:03:00 HRS<\/td>\n<\/tr>\n<tr>\n<td width=\"470\">Frecuencia de Actualizaci\u00f3n<\/td>\n<td width=\"316\">Anual<\/td>\n<\/tr>\n<tr>\n<td width=\"470\">\u00daltima modificaci\u00f3n<\/td>\n<td width=\"316\">01\/01\/2018, 11:03:00 HRS<\/td>\n<\/tr>\n<tr>\n<td width=\"470\">Tema<\/td>\n<td width=\"316\">Estadistica<\/td>\n<\/tr>\n<tr>\n<td width=\"470\">Nombre del Publicador<\/td>\n<td width=\"316\">Direcci\u00f3n Estatal del Registro Civil<\/td>\n<\/tr>\n<tr>\n<td width=\"470\">Contacto<\/td>\n<td width=\"316\">Jes\u00fas Trujillo S\u00e1nchez<\/td>\n<\/tr>\n<tr>\n<td width=\"470\">Correo electr\u00f3nico<\/td>\n<td width=\"316\"><a href=\"mailto:jesus.trujillo@bcs.gob.mx\">jesus.trujillo@bcs.gob.mx<\/a><\/td>\n<\/tr>\n<tr>\n<td width=\"470\">Identificador \u00fanico del documento en el cat\u00e1logo de la entidad.<\/td>\n<td width=\"316\">BCS-DRC-S001<\/td>\n<\/tr>\n<tr>\n<td width=\"470\">Nivel de acceso.<\/td>\n<td width=\"316\">P\u00fablico<\/td>\n<\/tbody>\n<\/table>\n","protected":false},"excerpt":{"rendered":"<p>PADR\u00d3N DE DEFUNCIONES POR MUNICIPIOS 2008-2017 Descargar xls csv Diccionario Descargar xls csv Metadato Campo Valor T\u00edtulo PADR\u00d3N DE DEFUNCIONES POR MUNICIPIOS 2008-2017 Etiquetas &#8220;Defunciones,Registros,Municipio,Oficialia,A\u00f1o&#8221;. Publicado 01\/01\/2018, 11:03:00 HRS Frecuencia de Actualizaci\u00f3n Anual \u00daltima modificaci\u00f3n 01\/01\/2018, 11:03:00 HRS Tema Estadistica Nombre del Publicador Direcci\u00f3n Estatal del Registro Civil Contacto Jes\u00fas Trujillo S\u00e1nchez Correo electr\u00f3nico jesus.trujillo@bcs.gob.mx &hellip; <a href=\"https:\/\/datos.bcs.gob.mx\/?page_id=5711\">Continued<\/a><\/p>\n","protected":false},"author":1,"featured_media":0,"parent":0,"menu_order":0,"comment_status":"closed","ping_status":"closed","template":"templates\/barra.php","meta":{"_acf_changed":false,"footnotes":"","_links_to":"","_links_to_target":""},"class_list":["post-5711","page","type-page","status-publish","hentry","catalogo_de_datos-registro-civil"],"acf":[],"_links":{"self":[{"href":"https:\/\/datos.bcs.gob.mx\/index.php?rest_route=\/wp\/v2\/pages\/5711"}],"collection":[{"href":"https:\/\/datos.bcs.gob.mx\/index.php?rest_route=\/wp\/v2\/pages"}],"about":[{"href":"https:\/\/datos.bcs.gob.mx\/index.php?rest_route=\/wp\/v2\/types\/page"}],"author":[{"embeddable":true,"href":"https:\/\/datos.bcs.gob.mx\/index.php?rest_route=\/wp\/v2\/users\/1"}],"replies":[{"embeddable":true,"href":"https:\/\/datos.bcs.gob.mx\/index.php?rest_route=%2Fwp%2Fv2%2Fcomments&post=5711"}],"version-history":[{"count":48,"href":"https:\/\/datos.bcs.gob.mx\/index.php?rest_route=\/wp\/v2\/pages\/5711\/revisions"}],"predecessor-version":[{"id":7478,"href":"https:\/\/datos.bcs.gob.mx\/index.php?rest_route=\/wp\/v2\/pages\/5711\/revisions\/7478"}],"wp:attachment":[{"href":"https:\/\/datos.bcs.gob.mx\/index.php?rest_route=%2Fwp%2Fv2%2Fmedia&parent=5711"}],"curies":[{"name":"wp","href":"https:\/\/api.w.org\/{rel}","templated":true}]}}