{"id":5322,"date":"2018-08-27T13:35:50","date_gmt":"2018-08-27T19:35:50","guid":{"rendered":"http:\/\/datos.bcs.gob.mx\/?page_id=5322"},"modified":"2019-01-24T16:45:29","modified_gmt":"2019-01-24T22:45:29","slug":"turismo","status":"publish","type":"page","link":"https:\/\/datos.bcs.gob.mx\/?page_id=5322","title":{"rendered":"Turismo"},"content":{"rendered":"<p style=\"font-size:140%;\"><strong>11 Conjuntos de datos publicados<\/strong><\/p>\n<p><\/br><br \/>\n<style>.wp-show-posts-columns#wpsp-6211 {margin-left: -.02em; }.wp-show-posts-columns#wpsp-6211 .wp-show-posts-inner {margin: 0 0 .02em .02em; }<\/style><section id=\"wpsp-6211\" class=\" wp-show-posts\" style=\"\"><article class=\" wp-show-posts-single wpsp-clearfix post-6271 page type-page status-publish hentry catalogo_de_datos-turismo\" itemtype=\"http:\/\/schema.org\/CreativeWork\" itemscope><div class=\"wp-show-posts-inner\" style=\"\">\t\t\t\t\t\t<header class=\"wp-show-posts-entry-header\">\n\t\t\t\t\t\t\t<h5 class=\"wp-show-posts-entry-title\" itemprop=\"headline\"><a href=\"https:\/\/datos.bcs.gob.mx\/?page_id=6271\" rel=\"bookmark\">REGISTRO NACIONAL DE TURISMO<\/a><\/h5><div class=\"wp-show-posts-entry-meta wp-show-posts-entry-meta-below-title post-meta-inline\"><span class=\"wp-show-posts-posted-on wp-show-posts-meta\">\n\t\t\t\t\t<a href=\"https:\/\/datos.bcs.gob.mx\/?page_id=6271\" title=\"10:25 am\" rel=\"bookmark\"><time class=\"wp-show-posts-entry-date published\" datetime=\"2018-09-24T10:25:11-06:00\" itemprop=\"datePublished\">24 septiembre, 2018<\/time><time class=\"wp-show-posts-updated\" datetime=\"2018-11-09T11:52:19-06:00\" itemprop=\"dateModified\">9 noviembre, 2018<\/time><\/a>\n\t\t\t\t<\/span><\/div>\t\t\t\t\t\t<\/header><!-- .entry-header -->\n\t\t\t\t\t<\/div><!-- wp-show-posts-inner --><div class=\"wpsp-clear\"><\/div><\/article><article class=\" wp-show-posts-single wpsp-clearfix post-6263 page type-page status-publish hentry catalogo_de_datos-turismo\" itemtype=\"http:\/\/schema.org\/CreativeWork\" itemscope><div class=\"wp-show-posts-inner\" style=\"\">\t\t\t\t\t\t<header class=\"wp-show-posts-entry-header\">\n\t\t\t\t\t\t\t<h5 class=\"wp-show-posts-entry-title\" itemprop=\"headline\"><a href=\"https:\/\/datos.bcs.gob.mx\/?page_id=6263\" rel=\"bookmark\">INSCRIPCI\u00d3N VOLUNTARIA EN EL PADR\u00d3N EMPRESARIAL DEL ESTADO<\/a><\/h5><div class=\"wp-show-posts-entry-meta wp-show-posts-entry-meta-below-title post-meta-inline\"><span class=\"wp-show-posts-posted-on wp-show-posts-meta\">\n\t\t\t\t\t<a href=\"https:\/\/datos.bcs.gob.mx\/?page_id=6263\" title=\"9:47 am\" rel=\"bookmark\"><time class=\"wp-show-posts-entry-date published\" datetime=\"2018-09-24T09:47:35-06:00\" itemprop=\"datePublished\">24 septiembre, 2018<\/time><time class=\"wp-show-posts-updated\" datetime=\"2018-10-08T13:45:14-06:00\" itemprop=\"dateModified\">8 octubre, 2018<\/time><\/a>\n\t\t\t\t<\/span><\/div>\t\t\t\t\t\t<\/header><!-- .entry-header -->\n\t\t\t\t\t<\/div><!-- wp-show-posts-inner --><div class=\"wpsp-clear\"><\/div><\/article><article class=\" wp-show-posts-single wpsp-clearfix post-6261 page type-page status-publish hentry catalogo_de_datos-turismo\" itemtype=\"http:\/\/schema.org\/CreativeWork\" itemscope><div class=\"wp-show-posts-inner\" style=\"\">\t\t\t\t\t\t<header class=\"wp-show-posts-entry-header\">\n\t\t\t\t\t\t\t<h5 class=\"wp-show-posts-entry-title\" itemprop=\"headline\"><a href=\"https:\/\/datos.bcs.gob.mx\/?page_id=6261\" rel=\"bookmark\">talleres de capacitaci\u00f3n empresarial 2017<\/a><\/h5><div class=\"wp-show-posts-entry-meta wp-show-posts-entry-meta-below-title post-meta-inline\"><span class=\"wp-show-posts-posted-on wp-show-posts-meta\">\n\t\t\t\t\t<a href=\"https:\/\/datos.bcs.gob.mx\/?page_id=6261\" title=\"8:31 am\" rel=\"bookmark\"><time class=\"wp-show-posts-entry-date published\" datetime=\"2018-09-24T08:31:52-06:00\" itemprop=\"datePublished\">24 septiembre, 2018<\/time><time class=\"wp-show-posts-updated\" datetime=\"2018-12-11T13:18:35-06:00\" itemprop=\"dateModified\">11 diciembre, 2018<\/time><\/a>\n\t\t\t\t<\/span><\/div>\t\t\t\t\t\t<\/header><!-- .entry-header -->\n\t\t\t\t\t<\/div><!-- wp-show-posts-inner --><div class=\"wpsp-clear\"><\/div><\/article><article class=\" wp-show-posts-single wpsp-clearfix post-6256 page type-page status-publish hentry catalogo_de_datos-turismo\" itemtype=\"http:\/\/schema.org\/CreativeWork\" itemscope><div class=\"wp-show-posts-inner\" style=\"\">\t\t\t\t\t\t<header class=\"wp-show-posts-entry-header\">\n\t\t\t\t\t\t\t<h5 class=\"wp-show-posts-entry-title\" itemprop=\"headline\"><a href=\"https:\/\/datos.bcs.gob.mx\/?page_id=6256\" rel=\"bookmark\">CURSOS DE CAPACITACI\u00d3N TUR\u00cdSTICA<\/a><\/h5><div class=\"wp-show-posts-entry-meta wp-show-posts-entry-meta-below-title post-meta-inline\"><span class=\"wp-show-posts-posted-on wp-show-posts-meta\">\n\t\t\t\t\t<a href=\"https:\/\/datos.bcs.gob.mx\/?page_id=6256\" title=\"8:13 am\" rel=\"bookmark\"><time class=\"wp-show-posts-entry-date published\" datetime=\"2018-09-24T08:13:55-06:00\" itemprop=\"datePublished\">24 septiembre, 2018<\/time><time class=\"wp-show-posts-updated\" datetime=\"2018-11-09T15:55:03-06:00\" itemprop=\"dateModified\">9 noviembre, 2018<\/time><\/a>\n\t\t\t\t<\/span><\/div>\t\t\t\t\t\t<\/header><!-- .entry-header -->\n\t\t\t\t\t<\/div><!-- wp-show-posts-inner --><div class=\"wpsp-clear\"><\/div><\/article><article class=\" wp-show-posts-single wpsp-clearfix post-6252 page type-page status-publish hentry catalogo_de_datos-turismo\" itemtype=\"http:\/\/schema.org\/CreativeWork\" itemscope><div class=\"wp-show-posts-inner\" style=\"\">\t\t\t\t\t\t<header class=\"wp-show-posts-entry-header\">\n\t\t\t\t\t\t\t<h5 class=\"wp-show-posts-entry-title\" itemprop=\"headline\"><a href=\"https:\/\/datos.bcs.gob.mx\/?page_id=6252\" rel=\"bookmark\">DISTINTIVO PL &#8220;PUNTO LIMPIO&#8221;<\/a><\/h5><div class=\"wp-show-posts-entry-meta wp-show-posts-entry-meta-below-title post-meta-inline\"><span class=\"wp-show-posts-posted-on wp-show-posts-meta\">\n\t\t\t\t\t<a href=\"https:\/\/datos.bcs.gob.mx\/?page_id=6252\" title=\"8:08 am\" rel=\"bookmark\"><time class=\"wp-show-posts-entry-date published\" datetime=\"2018-09-24T08:08:39-06:00\" itemprop=\"datePublished\">24 septiembre, 2018<\/time><time class=\"wp-show-posts-updated\" datetime=\"2018-10-08T13:42:46-06:00\" itemprop=\"dateModified\">8 octubre, 2018<\/time><\/a>\n\t\t\t\t<\/span><\/div>\t\t\t\t\t\t<\/header><!-- .entry-header -->\n\t\t\t\t\t<\/div><!-- wp-show-posts-inner --><div class=\"wpsp-clear\"><\/div><\/article><article class=\" wp-show-posts-single wpsp-clearfix post-6245 page type-page status-publish hentry catalogo_de_datos-turismo\" itemtype=\"http:\/\/schema.org\/CreativeWork\" itemscope><div class=\"wp-show-posts-inner\" style=\"\">\t\t\t\t\t\t<header class=\"wp-show-posts-entry-header\">\n\t\t\t\t\t\t\t<h5 class=\"wp-show-posts-entry-title\" itemprop=\"headline\"><a href=\"https:\/\/datos.bcs.gob.mx\/?page_id=6245\" rel=\"bookmark\">DISTINTIVO S &#8220;SUSTENTABILIDAD&#8221;<\/a><\/h5><div class=\"wp-show-posts-entry-meta wp-show-posts-entry-meta-below-title post-meta-inline\"><span class=\"wp-show-posts-posted-on wp-show-posts-meta\">\n\t\t\t\t\t<a href=\"https:\/\/datos.bcs.gob.mx\/?page_id=6245\" title=\"7:51 am\" rel=\"bookmark\"><time class=\"wp-show-posts-entry-date published\" datetime=\"2018-09-24T07:51:37-06:00\" itemprop=\"datePublished\">24 septiembre, 2018<\/time><time class=\"wp-show-posts-updated\" datetime=\"2018-10-08T13:44:34-06:00\" itemprop=\"dateModified\">8 octubre, 2018<\/time><\/a>\n\t\t\t\t<\/span><\/div>\t\t\t\t\t\t<\/header><!-- .entry-header -->\n\t\t\t\t\t<\/div><!-- wp-show-posts-inner --><div class=\"wpsp-clear\"><\/div><\/article><article class=\" wp-show-posts-single wpsp-clearfix post-6237 page type-page status-publish hentry catalogo_de_datos-turismo\" itemtype=\"http:\/\/schema.org\/CreativeWork\" itemscope><div class=\"wp-show-posts-inner\" style=\"\">\t\t\t\t\t\t<header class=\"wp-show-posts-entry-header\">\n\t\t\t\t\t\t\t<h5 class=\"wp-show-posts-entry-title\" itemprop=\"headline\"><a href=\"https:\/\/datos.bcs.gob.mx\/?page_id=6237\" rel=\"bookmark\">DISTINTIVO M &#8220;MODERNIZA&#8221;<\/a><\/h5><div class=\"wp-show-posts-entry-meta wp-show-posts-entry-meta-below-title post-meta-inline\"><span class=\"wp-show-posts-posted-on wp-show-posts-meta\">\n\t\t\t\t\t<a href=\"https:\/\/datos.bcs.gob.mx\/?page_id=6237\" title=\"7:42 am\" rel=\"bookmark\"><time class=\"wp-show-posts-entry-date published\" datetime=\"2018-09-24T07:42:58-06:00\" itemprop=\"datePublished\">24 septiembre, 2018<\/time><time class=\"wp-show-posts-updated\" datetime=\"2018-10-08T13:35:32-06:00\" itemprop=\"dateModified\">8 octubre, 2018<\/time><\/a>\n\t\t\t\t<\/span><\/div>\t\t\t\t\t\t<\/header><!-- .entry-header -->\n\t\t\t\t\t<\/div><!-- wp-show-posts-inner --><div class=\"wpsp-clear\"><\/div><\/article><article class=\" wp-show-posts-single wpsp-clearfix post-6234 page type-page status-publish hentry catalogo_de_datos-turismo\" itemtype=\"http:\/\/schema.org\/CreativeWork\" itemscope><div class=\"wp-show-posts-inner\" style=\"\">\t\t\t\t\t\t<header class=\"wp-show-posts-entry-header\">\n\t\t\t\t\t\t\t<h5 class=\"wp-show-posts-entry-title\" itemprop=\"headline\"><a href=\"https:\/\/datos.bcs.gob.mx\/?page_id=6234\" rel=\"bookmark\">DISTINTIVO H &#8220;MANEJO HIGI\u00c9NICO DE LOS ALIMENTOS&#8221;<\/a><\/h5><div class=\"wp-show-posts-entry-meta wp-show-posts-entry-meta-below-title post-meta-inline\"><span class=\"wp-show-posts-posted-on wp-show-posts-meta\">\n\t\t\t\t\t<a href=\"https:\/\/datos.bcs.gob.mx\/?page_id=6234\" title=\"4:29 pm\" rel=\"bookmark\"><time class=\"wp-show-posts-entry-date published\" datetime=\"2018-09-21T16:29:19-06:00\" itemprop=\"datePublished\">21 septiembre, 2018<\/time><time class=\"wp-show-posts-updated\" datetime=\"2018-11-09T11:58:22-06:00\" itemprop=\"dateModified\">9 noviembre, 2018<\/time><\/a>\n\t\t\t\t<\/span><\/div>\t\t\t\t\t\t<\/header><!-- .entry-header -->\n\t\t\t\t\t<\/div><!-- wp-show-posts-inner --><div class=\"wpsp-clear\"><\/div><\/article><article class=\" wp-show-posts-single wpsp-clearfix post-6229 page type-page status-publish hentry catalogo_de_datos-turismo\" itemtype=\"http:\/\/schema.org\/CreativeWork\" itemscope><div class=\"wp-show-posts-inner\" style=\"\">\t\t\t\t\t\t<header class=\"wp-show-posts-entry-header\">\n\t\t\t\t\t\t\t<h5 class=\"wp-show-posts-entry-title\" itemprop=\"headline\"><a href=\"https:\/\/datos.bcs.gob.mx\/?page_id=6229\" rel=\"bookmark\">PL\u00c1TICAS DE CULTURA TUR\u00cdSTICA EN LAS ESCUELAS DE EDUCACI\u00d3N B\u00c1SICA<\/a><\/h5><div class=\"wp-show-posts-entry-meta wp-show-posts-entry-meta-below-title post-meta-inline\"><span class=\"wp-show-posts-posted-on wp-show-posts-meta\">\n\t\t\t\t\t<a href=\"https:\/\/datos.bcs.gob.mx\/?page_id=6229\" title=\"3:54 pm\" rel=\"bookmark\"><time class=\"wp-show-posts-entry-date published\" datetime=\"2018-09-21T15:54:27-06:00\" itemprop=\"datePublished\">21 septiembre, 2018<\/time><time class=\"wp-show-posts-updated\" datetime=\"2018-10-05T14:32:11-06:00\" itemprop=\"dateModified\">5 octubre, 2018<\/time><\/a>\n\t\t\t\t<\/span><\/div>\t\t\t\t\t\t<\/header><!-- .entry-header -->\n\t\t\t\t\t<\/div><!-- wp-show-posts-inner --><div class=\"wpsp-clear\"><\/div><\/article><article class=\" wp-show-posts-single wpsp-clearfix post-6222 page type-page status-publish hentry catalogo_de_datos-turismo\" itemtype=\"http:\/\/schema.org\/CreativeWork\" itemscope><div class=\"wp-show-posts-inner\" style=\"\">\t\t\t\t\t\t<header class=\"wp-show-posts-entry-header\">\n\t\t\t\t\t\t\t<h5 class=\"wp-show-posts-entry-title\" itemprop=\"headline\"><a href=\"https:\/\/datos.bcs.gob.mx\/?page_id=6222\" rel=\"bookmark\">TR\u00c1MITE PARA ACREDITACI\u00d3N DE GU\u00cdAS DE TURISTAS NOM-09-TUR-2002<\/a><\/h5><div class=\"wp-show-posts-entry-meta wp-show-posts-entry-meta-below-title post-meta-inline\"><span class=\"wp-show-posts-posted-on wp-show-posts-meta\">\n\t\t\t\t\t<a href=\"https:\/\/datos.bcs.gob.mx\/?page_id=6222\" title=\"2:15 pm\" rel=\"bookmark\"><time class=\"wp-show-posts-entry-date published\" datetime=\"2018-09-21T14:15:13-06:00\" itemprop=\"datePublished\">21 septiembre, 2018<\/time><time class=\"wp-show-posts-updated\" datetime=\"2018-10-05T15:13:52-06:00\" itemprop=\"dateModified\">5 octubre, 2018<\/time><\/a>\n\t\t\t\t<\/span><\/div>\t\t\t\t\t\t<\/header><!-- .entry-header -->\n\t\t\t\t\t<\/div><!-- wp-show-posts-inner --><div class=\"wpsp-clear\"><\/div><\/article><\/section><!-- .wp-show-posts --><div class=\"wpsp-load-more\"><span aria-current=\"page\" class=\"page-numbers current\">1<\/span>\n<a class=\"page-numbers\" href=\"https:\/\/datos.bcs.gob.mx\/index.php\/?paged=2&#038;rest_route=%2Fwp%2Fv2%2Fpages%2F5322\">2<\/a>\n<a class=\"next page-numbers\" href=\"https:\/\/datos.bcs.gob.mx\/index.php\/?paged=2&#038;rest_route=%2Fwp%2Fv2%2Fpages%2F5322\">Next &rarr;<\/a><\/div>\n","protected":false},"excerpt":{"rendered":"<p>11 Conjuntos de datos publicados<\/p>\n","protected":false},"author":1,"featured_media":0,"parent":0,"menu_order":0,"comment_status":"closed","ping_status":"closed","template":"templates\/barra.php","meta":{"_acf_changed":false,"footnotes":"","_links_to":"","_links_to_target":""},"class_list":["post-5322","page","type-page","status-publish","hentry"],"acf":[],"_links":{"self":[{"href":"https:\/\/datos.bcs.gob.mx\/index.php?rest_route=\/wp\/v2\/pages\/5322"}],"collection":[{"href":"https:\/\/datos.bcs.gob.mx\/index.php?rest_route=\/wp\/v2\/pages"}],"about":[{"href":"https:\/\/datos.bcs.gob.mx\/index.php?rest_route=\/wp\/v2\/types\/page"}],"author":[{"embeddable":true,"href":"https:\/\/datos.bcs.gob.mx\/index.php?rest_route=\/wp\/v2\/users\/1"}],"replies":[{"embeddable":true,"href":"https:\/\/datos.bcs.gob.mx\/index.php?rest_route=%2Fwp%2Fv2%2Fcomments&post=5322"}],"version-history":[{"count":6,"href":"https:\/\/datos.bcs.gob.mx\/index.php?rest_route=\/wp\/v2\/pages\/5322\/revisions"}],"predecessor-version":[{"id":7573,"href":"https:\/\/datos.bcs.gob.mx\/index.php?rest_route=\/wp\/v2\/pages\/5322\/revisions\/7573"}],"wp:attachment":[{"href":"https:\/\/datos.bcs.gob.mx\/index.php?rest_route=%2Fwp%2Fv2%2Fmedia&parent=5322"}],"curies":[{"name":"wp","href":"https:\/\/api.w.org\/{rel}","templated":true}]}}