{"id":5320,"date":"2018-08-27T13:35:36","date_gmt":"2018-08-27T19:35:36","guid":{"rendered":"http:\/\/datos.bcs.gob.mx\/?page_id=5320"},"modified":"2018-12-10T18:07:37","modified_gmt":"2018-12-11T00:07:37","slug":"economia","status":"publish","type":"page","link":"https:\/\/datos.bcs.gob.mx\/?page_id=5320","title":{"rendered":"Econom\u00eda"},"content":{"rendered":"<p style=\"font-size:140%;\"><strong>10 Conjuntos de datos publicados<\/strong><\/p>\n<p>\n<\/br><br \/>\n<style>.wp-show-posts-columns#wpsp-6356 {margin-left: -2em; }.wp-show-posts-columns#wpsp-6356 .wp-show-posts-inner {margin: 0 0 2em 2em; }<\/style><section id=\"wpsp-6356\" class=\" wp-show-posts\" style=\"\"><article class=\" wp-show-posts-single wpsp-clearfix post-7861 page type-page status-publish hentry catalogo_de_datos-economia-desarrollo\" itemtype=\"http:\/\/schema.org\/CreativeWork\" itemscope><div class=\"wp-show-posts-inner\" style=\"\">\t\t\t\t\t\t<header class=\"wp-show-posts-entry-header\">\n\t\t\t\t\t\t\t<h5 class=\"wp-show-posts-entry-title\" itemprop=\"headline\"><a href=\"https:\/\/datos.bcs.gob.mx\/?page_id=7861\" rel=\"bookmark\">Padr\u00f3n de Beneficiarios, Secretar\u00eda de Pesca, Acuacultura y Desarrollo Agropecuario<\/a><\/h5><div class=\"wp-show-posts-entry-meta wp-show-posts-entry-meta-below-title post-meta-inline\"><span class=\"wp-show-posts-posted-on wp-show-posts-meta\">\n\t\t\t\t\t<a href=\"https:\/\/datos.bcs.gob.mx\/?page_id=7861\" title=\"9:32 am\" rel=\"bookmark\"><time class=\"wp-show-posts-entry-date published\" datetime=\"2023-06-09T09:32:59-06:00\" itemprop=\"datePublished\">9 junio, 2023<\/time><time class=\"wp-show-posts-updated\" datetime=\"2023-06-09T09:33:00-06:00\" itemprop=\"dateModified\">9 junio, 2023<\/time><\/a>\n\t\t\t\t<\/span><\/div>\t\t\t\t\t\t<\/header><!-- .entry-header -->\n\t\t\t\t\t<\/div><!-- wp-show-posts-inner --><div class=\"wpsp-clear\"><\/div><\/article><article class=\" wp-show-posts-single wpsp-clearfix post-6559 page type-page status-publish hentry catalogo_de_datos-economia-desarrollo\" itemtype=\"http:\/\/schema.org\/CreativeWork\" itemscope><div class=\"wp-show-posts-inner\" style=\"\">\t\t\t\t\t\t<header class=\"wp-show-posts-entry-header\">\n\t\t\t\t\t\t\t<h5 class=\"wp-show-posts-entry-title\" itemprop=\"headline\"><a href=\"https:\/\/datos.bcs.gob.mx\/?page_id=6559\" rel=\"bookmark\">TALLERES DE CAPACITACI\u00d3N EMPRESARIAL<\/a><\/h5><div class=\"wp-show-posts-entry-meta wp-show-posts-entry-meta-below-title post-meta-inline\"><span class=\"wp-show-posts-posted-on wp-show-posts-meta\">\n\t\t\t\t\t<a href=\"https:\/\/datos.bcs.gob.mx\/?page_id=6559\" title=\"1:43 pm\" rel=\"bookmark\"><time class=\"wp-show-posts-entry-date published\" datetime=\"2018-09-26T13:43:52-06:00\" itemprop=\"datePublished\">26 septiembre, 2018<\/time><time class=\"wp-show-posts-updated\" datetime=\"2018-12-10T17:38:28-06:00\" itemprop=\"dateModified\">10 diciembre, 2018<\/time><\/a>\n\t\t\t\t<\/span><\/div>\t\t\t\t\t\t<\/header><!-- .entry-header -->\n\t\t\t\t\t<\/div><!-- wp-show-posts-inner --><div class=\"wpsp-clear\"><\/div><\/article><article class=\" wp-show-posts-single wpsp-clearfix post-6542 page type-page status-publish hentry catalogo_de_datos-economia-desarrollo\" itemtype=\"http:\/\/schema.org\/CreativeWork\" itemscope><div class=\"wp-show-posts-inner\" style=\"\">\t\t\t\t\t\t<header class=\"wp-show-posts-entry-header\">\n\t\t\t\t\t\t\t<h5 class=\"wp-show-posts-entry-title\" itemprop=\"headline\"><a href=\"https:\/\/datos.bcs.gob.mx\/?page_id=6542\" rel=\"bookmark\">MODULO RED DE APOYO AL EMPRENDEDOR 2018<\/a><\/h5><div class=\"wp-show-posts-entry-meta wp-show-posts-entry-meta-below-title post-meta-inline\"><span class=\"wp-show-posts-posted-on wp-show-posts-meta\">\n\t\t\t\t\t<a href=\"https:\/\/datos.bcs.gob.mx\/?page_id=6542\" title=\"9:23 am\" rel=\"bookmark\"><time class=\"wp-show-posts-entry-date published\" datetime=\"2018-09-26T09:23:47-06:00\" itemprop=\"datePublished\">26 septiembre, 2018<\/time><time class=\"wp-show-posts-updated\" datetime=\"2019-01-25T12:12:23-06:00\" itemprop=\"dateModified\">25 enero, 2019<\/time><\/a>\n\t\t\t\t<\/span><\/div>\t\t\t\t\t\t<\/header><!-- .entry-header -->\n\t\t\t\t\t<\/div><!-- wp-show-posts-inner --><div class=\"wpsp-clear\"><\/div><\/article><article class=\" wp-show-posts-single wpsp-clearfix post-6468 page type-page status-publish hentry catalogo_de_datos-ingresos\" itemtype=\"http:\/\/schema.org\/CreativeWork\" itemscope><div class=\"wp-show-posts-inner\" style=\"\">\t\t\t\t\t\t<header class=\"wp-show-posts-entry-header\">\n\t\t\t\t\t\t\t<h5 class=\"wp-show-posts-entry-title\" itemprop=\"headline\"><a href=\"https:\/\/datos.bcs.gob.mx\/?page_id=6468\" rel=\"bookmark\">TOTAL DE CONTRIBUYENTES CON LA OBLIGACI\u00d3N DE IMPUESTO SOBRE N\u00d3MINA POR MUNICIPIO DEL A\u00d1O 2018<\/a><\/h5><div class=\"wp-show-posts-entry-meta wp-show-posts-entry-meta-below-title post-meta-inline\"><span class=\"wp-show-posts-posted-on wp-show-posts-meta\">\n\t\t\t\t\t<a href=\"https:\/\/datos.bcs.gob.mx\/?page_id=6468\" title=\"8:09 pm\" rel=\"bookmark\"><time class=\"wp-show-posts-entry-date published\" datetime=\"2018-09-25T20:09:13-06:00\" itemprop=\"datePublished\">25 septiembre, 2018<\/time><time class=\"wp-show-posts-updated\" datetime=\"2018-10-08T22:19:47-06:00\" itemprop=\"dateModified\">8 octubre, 2018<\/time><\/a>\n\t\t\t\t<\/span><\/div>\t\t\t\t\t\t<\/header><!-- .entry-header -->\n\t\t\t\t\t<\/div><!-- wp-show-posts-inner --><div class=\"wpsp-clear\"><\/div><\/article><article class=\" wp-show-posts-single wpsp-clearfix post-6464 page type-page status-publish hentry catalogo_de_datos-ingresos\" itemtype=\"http:\/\/schema.org\/CreativeWork\" itemscope><div class=\"wp-show-posts-inner\" style=\"\">\t\t\t\t\t\t<header class=\"wp-show-posts-entry-header\">\n\t\t\t\t\t\t\t<h5 class=\"wp-show-posts-entry-title\" itemprop=\"headline\"><a href=\"https:\/\/datos.bcs.gob.mx\/?page_id=6464\" rel=\"bookmark\">TOTAL DE CONTRIBUYENTE CON LA OBLIGACI\u00d3N DE IMPUESTO SOBRE N\u00d3MINA POR MUNICIPIO DEL A\u00d1O 2017<\/a><\/h5><div class=\"wp-show-posts-entry-meta wp-show-posts-entry-meta-below-title post-meta-inline\"><span class=\"wp-show-posts-posted-on wp-show-posts-meta\">\n\t\t\t\t\t<a href=\"https:\/\/datos.bcs.gob.mx\/?page_id=6464\" title=\"8:06 pm\" rel=\"bookmark\"><time class=\"wp-show-posts-entry-date published\" datetime=\"2018-09-25T20:06:14-06:00\" itemprop=\"datePublished\">25 septiembre, 2018<\/time><time class=\"wp-show-posts-updated\" datetime=\"2018-10-08T22:33:12-06:00\" itemprop=\"dateModified\">8 octubre, 2018<\/time><\/a>\n\t\t\t\t<\/span><\/div>\t\t\t\t\t\t<\/header><!-- .entry-header -->\n\t\t\t\t\t<\/div><!-- wp-show-posts-inner --><div class=\"wpsp-clear\"><\/div><\/article><article class=\" wp-show-posts-single wpsp-clearfix post-6460 page type-page status-publish hentry catalogo_de_datos-ingresos\" itemtype=\"http:\/\/schema.org\/CreativeWork\" itemscope><div class=\"wp-show-posts-inner\" style=\"\">\t\t\t\t\t\t<header class=\"wp-show-posts-entry-header\">\n\t\t\t\t\t\t\t<h5 class=\"wp-show-posts-entry-title\" itemprop=\"headline\"><a href=\"https:\/\/datos.bcs.gob.mx\/?page_id=6460\" rel=\"bookmark\">TOTAL DE CONTRIBUYENTES CON LA OBLIGACI\u00d3N DE IMPUESTOS SOBRE N\u00d3MINA POR MUNICIPIO DEL A\u00d1O 2016<\/a><\/h5><div class=\"wp-show-posts-entry-meta wp-show-posts-entry-meta-below-title post-meta-inline\"><span class=\"wp-show-posts-posted-on wp-show-posts-meta\">\n\t\t\t\t\t<a href=\"https:\/\/datos.bcs.gob.mx\/?page_id=6460\" title=\"8:01 pm\" rel=\"bookmark\"><time class=\"wp-show-posts-entry-date published\" datetime=\"2018-09-25T20:01:45-06:00\" itemprop=\"datePublished\">25 septiembre, 2018<\/time><time class=\"wp-show-posts-updated\" datetime=\"2018-10-08T22:31:52-06:00\" itemprop=\"dateModified\">8 octubre, 2018<\/time><\/a>\n\t\t\t\t<\/span><\/div>\t\t\t\t\t\t<\/header><!-- .entry-header -->\n\t\t\t\t\t<\/div><!-- wp-show-posts-inner --><div class=\"wpsp-clear\"><\/div><\/article><article class=\" wp-show-posts-single wpsp-clearfix post-6456 page type-page status-publish hentry catalogo_de_datos-ingresos\" itemtype=\"http:\/\/schema.org\/CreativeWork\" itemscope><div class=\"wp-show-posts-inner\" style=\"\">\t\t\t\t\t\t<header class=\"wp-show-posts-entry-header\">\n\t\t\t\t\t\t\t<h5 class=\"wp-show-posts-entry-title\" itemprop=\"headline\"><a href=\"https:\/\/datos.bcs.gob.mx\/?page_id=6456\" rel=\"bookmark\">TOTAL DE CONTRIBUYENTES CON LA OBLIGACI\u00d3N DE IMPUESTO SOBRE HOSPEDAJE POR MUNICIPIO DEL A\u00d1O 2018<\/a><\/h5><div class=\"wp-show-posts-entry-meta wp-show-posts-entry-meta-below-title post-meta-inline\"><span class=\"wp-show-posts-posted-on wp-show-posts-meta\">\n\t\t\t\t\t<a href=\"https:\/\/datos.bcs.gob.mx\/?page_id=6456\" title=\"7:47 pm\" rel=\"bookmark\"><time class=\"wp-show-posts-entry-date published\" datetime=\"2018-09-25T19:47:54-06:00\" itemprop=\"datePublished\">25 septiembre, 2018<\/time><time class=\"wp-show-posts-updated\" datetime=\"2018-11-05T13:54:04-06:00\" itemprop=\"dateModified\">5 noviembre, 2018<\/time><\/a>\n\t\t\t\t<\/span><\/div>\t\t\t\t\t\t<\/header><!-- .entry-header -->\n\t\t\t\t\t<\/div><!-- wp-show-posts-inner --><div class=\"wpsp-clear\"><\/div><\/article><article class=\" wp-show-posts-single wpsp-clearfix post-6454 page type-page status-publish hentry catalogo_de_datos-ingresos\" itemtype=\"http:\/\/schema.org\/CreativeWork\" itemscope><div class=\"wp-show-posts-inner\" style=\"\">\t\t\t\t\t\t<header class=\"wp-show-posts-entry-header\">\n\t\t\t\t\t\t\t<h5 class=\"wp-show-posts-entry-title\" itemprop=\"headline\"><a href=\"https:\/\/datos.bcs.gob.mx\/?page_id=6454\" rel=\"bookmark\">TOTAL DE CONTRIBUYENTES CON LA OBLIGACI\u00d3N DE IMPUESTO SOBRE HOSPEDAJE POR MUNICIPIO DEL A\u00d1O 2017<\/a><\/h5><div class=\"wp-show-posts-entry-meta wp-show-posts-entry-meta-below-title post-meta-inline\"><span class=\"wp-show-posts-posted-on wp-show-posts-meta\">\n\t\t\t\t\t<a href=\"https:\/\/datos.bcs.gob.mx\/?page_id=6454\" title=\"7:45 pm\" rel=\"bookmark\"><time class=\"wp-show-posts-entry-date published\" datetime=\"2018-09-25T19:45:10-06:00\" itemprop=\"datePublished\">25 septiembre, 2018<\/time><time class=\"wp-show-posts-updated\" datetime=\"2018-11-05T13:58:27-06:00\" itemprop=\"dateModified\">5 noviembre, 2018<\/time><\/a>\n\t\t\t\t<\/span><\/div>\t\t\t\t\t\t<\/header><!-- .entry-header -->\n\t\t\t\t\t<\/div><!-- wp-show-posts-inner --><div class=\"wpsp-clear\"><\/div><\/article><article class=\" wp-show-posts-single wpsp-clearfix post-6449 page type-page status-publish hentry catalogo_de_datos-ingresos\" itemtype=\"http:\/\/schema.org\/CreativeWork\" itemscope><div class=\"wp-show-posts-inner\" style=\"\">\t\t\t\t\t\t<header class=\"wp-show-posts-entry-header\">\n\t\t\t\t\t\t\t<h5 class=\"wp-show-posts-entry-title\" itemprop=\"headline\"><a href=\"https:\/\/datos.bcs.gob.mx\/?page_id=6449\" rel=\"bookmark\">TOTAL DE CONTRIBUYENTES CON LA OBLIGACI\u00d3N DE IMPUESTO SOBRE HOSPEDAJE POR MUNICIPIO DEL A\u00d1O 2016<\/a><\/h5><div class=\"wp-show-posts-entry-meta wp-show-posts-entry-meta-below-title post-meta-inline\"><span class=\"wp-show-posts-posted-on wp-show-posts-meta\">\n\t\t\t\t\t<a href=\"https:\/\/datos.bcs.gob.mx\/?page_id=6449\" title=\"7:37 pm\" rel=\"bookmark\"><time class=\"wp-show-posts-entry-date published\" datetime=\"2018-09-25T19:37:29-06:00\" itemprop=\"datePublished\">25 septiembre, 2018<\/time><time class=\"wp-show-posts-updated\" datetime=\"2018-11-05T14:29:54-06:00\" itemprop=\"dateModified\">5 noviembre, 2018<\/time><\/a>\n\t\t\t\t<\/span><\/div>\t\t\t\t\t\t<\/header><!-- .entry-header -->\n\t\t\t\t\t<\/div><!-- wp-show-posts-inner --><div class=\"wpsp-clear\"><\/div><\/article><article class=\" wp-show-posts-single wpsp-clearfix post-6347 page type-page status-publish hentry catalogo_de_datos-ingresos\" itemtype=\"http:\/\/schema.org\/CreativeWork\" itemscope><div class=\"wp-show-posts-inner\" style=\"\">\t\t\t\t\t\t<header class=\"wp-show-posts-entry-header\">\n\t\t\t\t\t\t\t<h5 class=\"wp-show-posts-entry-title\" itemprop=\"headline\"><a href=\"https:\/\/datos.bcs.gob.mx\/?page_id=6347\" rel=\"bookmark\">DIRECTORIO DE RECAUDADORAS DEL A\u00d1O 2018<\/a><\/h5><div class=\"wp-show-posts-entry-meta wp-show-posts-entry-meta-below-title post-meta-inline\"><span class=\"wp-show-posts-posted-on wp-show-posts-meta\">\n\t\t\t\t\t<a href=\"https:\/\/datos.bcs.gob.mx\/?page_id=6347\" title=\"11:56 am\" rel=\"bookmark\"><time class=\"wp-show-posts-entry-date published\" datetime=\"2018-09-25T11:56:05-06:00\" itemprop=\"datePublished\">25 septiembre, 2018<\/time><time class=\"wp-show-posts-updated\" datetime=\"2018-12-10T15:09:23-06:00\" itemprop=\"dateModified\">10 diciembre, 2018<\/time><\/a>\n\t\t\t\t<\/span><\/div>\t\t\t\t\t\t<\/header><!-- .entry-header -->\n\t\t\t\t\t<\/div><!-- wp-show-posts-inner --><div class=\"wpsp-clear\"><\/div><\/article><\/section><!-- .wp-show-posts --><div class=\"wpsp-load-more\"><span aria-current=\"page\" class=\"page-numbers current\">1<\/span>\n<a class=\"page-numbers\" href=\"https:\/\/datos.bcs.gob.mx\/index.php\/?paged=2&#038;rest_route=%2Fwp%2Fv2%2Fpages%2F5320\">2<\/a>\n<a class=\"next page-numbers\" href=\"https:\/\/datos.bcs.gob.mx\/index.php\/?paged=2&#038;rest_route=%2Fwp%2Fv2%2Fpages%2F5320\">Next &rarr;<\/a><\/div>\n<!-- <a href=\"\/?page_id=6351\">Secretar\u00eda de Finanzas y Administraci\u00f3n<\/a> --><\/p>\n","protected":false},"excerpt":{"rendered":"<p>10 Conjuntos de datos publicados<\/p>\n","protected":false},"author":1,"featured_media":0,"parent":0,"menu_order":0,"comment_status":"closed","ping_status":"closed","template":"templates\/barra.php","meta":{"_acf_changed":false,"footnotes":"","_links_to":"","_links_to_target":""},"class_list":["post-5320","page","type-page","status-publish","hentry"],"acf":[],"_links":{"self":[{"href":"https:\/\/datos.bcs.gob.mx\/index.php?rest_route=\/wp\/v2\/pages\/5320"}],"collection":[{"href":"https:\/\/datos.bcs.gob.mx\/index.php?rest_route=\/wp\/v2\/pages"}],"about":[{"href":"https:\/\/datos.bcs.gob.mx\/index.php?rest_route=\/wp\/v2\/types\/page"}],"author":[{"embeddable":true,"href":"https:\/\/datos.bcs.gob.mx\/index.php?rest_route=\/wp\/v2\/users\/1"}],"replies":[{"embeddable":true,"href":"https:\/\/datos.bcs.gob.mx\/index.php?rest_route=%2Fwp%2Fv2%2Fcomments&post=5320"}],"version-history":[{"count":10,"href":"https:\/\/datos.bcs.gob.mx\/index.php?rest_route=\/wp\/v2\/pages\/5320\/revisions"}],"predecessor-version":[{"id":7517,"href":"https:\/\/datos.bcs.gob.mx\/index.php?rest_route=\/wp\/v2\/pages\/5320\/revisions\/7517"}],"wp:attachment":[{"href":"https:\/\/datos.bcs.gob.mx\/index.php?rest_route=%2Fwp%2Fv2%2Fmedia&parent=5320"}],"curies":[{"name":"wp","href":"https:\/\/api.w.org\/{rel}","templated":true}]}}