{"id":5219,"date":"2018-08-23T10:37:25","date_gmt":"2018-08-23T16:37:25","guid":{"rendered":"http:\/\/turismo.bcs.gob.mx\/?page_id=5219"},"modified":"2022-07-13T15:43:56","modified_gmt":"2022-07-13T21:43:56","slug":"normatividad-2","status":"publish","type":"page","link":"https:\/\/datos.bcs.gob.mx\/?page_id=5219","title":{"rendered":"Normatividad"},"content":{"rendered":"<div class=\"mks_accordion\">\n<div class=\"mks_accordion_item\">\r\n            <div class=\"mks_accordion_heading\">Leyes<i class=\"fa fa-plus\"><\/i><i class=\"fa fa-minus\"><\/i><\/div>\r\n                <div class=\"mks_accordion_content\">\n<a href=\"https:\/\/www.dropbox.com\/s\/wve64akhhbkewja\/CONSTITUCION%20POLITICA%20DE%20LOS%20ESTADOS%20UNIDOS%20MEXICANOS.pdf?dl=0\">Constituci\u00f3n Pol\u00edtica de los Estados Unidos Mexicanos<\/a><br \/>\n<a href=\"https:\/\/www.dropbox.com\/s\/95hd7wgqrwdgqn8\/CONSTITUCION%20POLITICA%20DEL%20EDO%20DE%20BCS.pdf?dl=0\">Constituci\u00f3n Pol\u00edtica del Estado Libre y Soberano de Baja California Sur<\/a><br \/>\n<a href=\"https:\/\/www.dropbox.com\/s\/5alonap6c00xta4\/LEY%20GENERAL%20DE%20TRANSPARENCIA.pdf?dl=0\">Ley General de Transparencia y Acceso a la Informaci\u00f3n P\u00fablica<\/a><br \/>\n<a href=\"https:\/\/www.dropbox.com\/s\/spxji0aggq7w64y\/LEY%20GENERAL%20DE%20ARCHIVOS.pdf?dl=0\">Ley General de Archivo<\/a><br \/>\n<a href=\"https:\/\/www.dropbox.com\/s\/hohfo9snozebotl\/LEY%20GENERAL%20DE%20MEJORA%20REGULATORIA.pdf?dl=0\">Ley General de Mejora Regulatoria<\/a><br \/>\n<a href=\"https:\/\/www.dropbox.com\/s\/6m1io8qhwu9k2th\/LEY%20ORGANICA%20DE%20LA%20ADMINISTRACION%20PUBLICA%20DEL%20EDO%20BCS.pdf?dl=0\">Ley Org\u00e1nica de la Administraci\u00f3n P\u00fablica del Estado de Baja California Sur<\/a><br \/>\n<a href=\"https:\/\/www.dropbox.com\/s\/6m1io8qhwu9k2th\/LEY%20ORGANICA%20DE%20LA%20ADMINISTRACION%20PUBLICA%20DEL%20EDO%20BCS.pdf?dl=0\">Ley de Transparencia y Acceso a la Informaci\u00f3n P\u00fablica del Estado de Baja California Sur<\/a><br \/>\n<a href=\"https:\/\/www.dropbox.com\/s\/cqzw2ci6oaarrg6\/LEY%20PRESUPUESTO%20CONTROL%20GASTO%20PUBLICO.pdf?dl=0\">Ley de Presupuesto y control del Gasto P\u00fablico del Estado de Baja California Sur<\/a><br \/>\n<a href=\"https:\/\/www.dropbox.com\/s\/96xjuyj9ye4ob6b\/LEY%20ADQUISICIONES%20ARRENDAMIENTOS%20EDO%20BCS%20al%2020-12-19.pdf?dl=0\">Ley de Adquisiciones Arrendamiento y Servicios del Estado de Baja California Sur<\/a><br \/>\n<a href=\"https:\/\/www.dropbox.com\/s\/qrr3qyqe5x9mlhg\/LEY%20PROTECCION%20DATOS%20PERSONALES%20BCS.pdf?dl=0\">Ley de Protecci\u00f3n de Datos Personales en posesi\u00f3n de sujetos obligados para el Estado de Baja California Sur<\/a><br \/>\n<a href=\"https:\/\/www.dropbox.com\/s\/k5n52ko48v5rtlx\/Ley%20de%20Sistema%20de%20Archivos%20BCS.pdf?dl=0\">Ley del Sistema Estatal de Archivos del Estado de BCS<\/a><br \/>\n<a href=\"https:\/\/www.dropbox.com\/s\/z0ljbi3e39gse6g\/LEY%20SISTEMA%20ANTICORRUPCION%20DEL%20EDO%20%20BCS.pdf?dl=0\">Ley del Sistema Anticorrupci\u00f3n del Estado de BCS<\/a><br \/>\n<a href=\"https:\/\/www.dropbox.com\/s\/q77wurh15wfifp5\/Ley%20de%20Mejora%20Regulatoria%20BCS.pdf?dl=0\">Ley de Mejora Regulatoria<\/a><br \/>\n<a href=\"https:\/\/www.dropbox.com\/s\/qbpt1vh1th0qw5q\/LEY%20PLANEACION%20EDO%20BCS.pdf?dl=0\">Ley de Planeaci\u00f3n del Estado de Baja California Sur<\/a><br \/>\n<a href=\"https:\/\/www.dropbox.com\/s\/0rf3ocms0pu9k6i\/Ley-Sobre-el-Uso-de-Medios-Electr%C3%B3nicos-para-el-Estado-y-Municipios-de-BCS.pdf?dl=0\">Ley Sobre el Uso de Medios Electr\u00f3nicos Y Firma Electr\u00f3nica para Estado de BCS<\/a><br \/>\n<a href=\"https:\/\/www.dropbox.com\/s\/yv67ao44t7h5ogd\/LEY%20TRABAJADORES%20AL%20SERVICIO%20EDO%20Y%20MUNICIPIOS%20DE%20BCS.pdf?dl=0\">Ley de los Trabajadores al Servicio de los Poderes del Estado y Municipio de Baja California Sur<\/a><br \/>\n<a href=\"https:\/\/www.dropbox.com\/s\/zgbo7obcpqr0w1n\/LEY%20RESPONSABILIDADES%20ADMINISTRATIVAS%20EDO%20BCS.pdf?dl=0\">Ley de Responsabilidades Administrativas del Estado de Baja California Sur<\/a><br \/>\n<\/div>\r\n            <\/div>\n<div class=\"mks_accordion_item\">\r\n            <div class=\"mks_accordion_heading\">Lineamientos<i class=\"fa fa-plus\"><\/i><i class=\"fa fa-minus\"><\/i><\/div>\r\n                <div class=\"mks_accordion_content\">\n<a href=\"https:\/\/www.dropbox.com\/s\/glxnj540t8yhmx2\/carpeta%201%20fila%20E15%20LINEAMIENTOS-PARA-EL-EJERCICIO-DEL-GASTO-DE-LA-ADMINISTRACION-PUBLICA-ESTATAL.pdf?dl=0\">Lineamientos para el Ejercicio del Gasto de la Administraci\u00f3n P\u00fablica Estatal<\/a><br \/>\n<a href=\"https:\/\/www.dropbox.com\/s\/zcyvrfot9loglbn\/Lineamientos-para-la-Elaboraci%C3%B3n-del-Programa-Operativo-Anual-de-Mejora-Regulatoria-POAMER.pdf?dl=0\">Lineamientos para la Elaboraci\u00f3n del Programa Operativo Anual de Mejora Regulatoria POAMER<\/a><br \/>\n<a href=\"https:\/\/www.dropbox.com\/s\/vnij5497qrkp5ok\/Lineamientos%20Denuncia%20por%20Incumplimiento%20de%20las%20Obligaciones%20de%20Transparencia.pdf?dl=0\">Lineamientos Denuncia por Incumplimiento de las Obligaciones de Transparencia<\/a><br \/>\n<a href=\"https:\/\/www.dropbox.com\/s\/h2jp9uu4vcgvgd6\/Lineamientos%20Para%20la%20Verificacion%20y%20Seguimiento%20del%20Cumplimiento%20de%20las%20Obligaciones%20de%20Transparencia.pdf?dl=0\">Lineamientos Para la Verificaci\u00f3n y Seguimiento del Cumplimiento de las Obligaciones de Transparencia<\/a><br \/>\n<a href=\"https:\/\/www.dropbox.com\/s\/9pcjgacaaz1cwtr\/Lineamientos%20Para%20las%20Medidas%20de%20Apremio%20Previstas%20por%20la%20Ley%20de%20Transparencia.pdf?dl=0\">Lineamientos Para las Medidas de Apremio Previstas por la Ley de Transparencia<\/a><br \/>\n<a href=\"https:\/\/www.dropbox.com\/s\/m9d8vexpqrf13br\/Lineamientos%20Tecnicos%20para%20la%20Publicacion%20y%20Homologacion%20de%20la%20Informacion.pdf?dl=0\">Lineamientos T\u00e9cnicos para la Publicaci\u00f3n y Homologaci\u00f3n de la Informacion<\/a><br \/>\n<\/div>\r\n            <\/div>\n<div class=\"mks_accordion_item\">\r\n            <div class=\"mks_accordion_heading\">Acuerdos<i class=\"fa fa-plus\"><\/i><i class=\"fa fa-minus\"><\/i><\/div>\r\n                <div class=\"mks_accordion_content\">\n<a href=\"https:\/\/www.dropbox.com\/s\/k21sn9iud9c9tnx\/Declaratoria%20Conjunta%20de%20Gobierno%20Abierto%20BCS.pdf?dl=0\">Declaraci\u00f3n Conjunta para la Implementaci\u00f3n de Acciones para un Gobierno Abierto<\/a><br \/>\n<a href=\"https:\/\/www.dropbox.com\/s\/10jyzie5xqn4a5x\/Acuerdo%20Mediante%20el%20Cual%20%20se%20Crean%20las%20Representaciones%20del%20Poder%20Ejecutivo%20del%20Estado%20en%20los%20Municipios.pdf?dl=0\">Acuerdo Mediante el cual se crean las Representaciones del Poder Ejecutivo en los Municipio de Los Cabos, Comondu, Loreto y Muleg\u00e9.<\/a><br \/>\n<a href=\"https:\/\/www.dropbox.com\/s\/25kg6z4p7nyy719\/Acta%20de%20Instalacion%20COPLADE.pdf?dl=0\">Primera Sesi\u00f3n 2018 de la Comisi\u00f3n Permanente del Comit\u00e9 de Planeaci\u00f3n para el Desarrollo del Estado de B.C.S.<\/a> (COPLADE)<br \/>\n<\/div>\r\n            <\/div>\n<div class=\"mks_accordion_item\">\r\n            <div class=\"mks_accordion_heading\">Decretos<i class=\"fa fa-plus\"><\/i><i class=\"fa fa-minus\"><\/i><\/div>\r\n                <div class=\"mks_accordion_content\">\n<a href=\"https:\/\/www.dropbox.com\/s\/i8qv8az7jgn76q6\/Decreto-Creaci%C3%B3n-Gabinetes-Sectoriales-de-la-Administraci%C3%B3n-P%C3%BAblica-del-Estado-de-BCS.pdf?dl=0\">Creaci\u00f3n Gabinetes Sectoriales de la Administraci\u00f3n P\u00fablica del Estado de BCS<\/a><br \/>\n<a href=\"https:\/\/www.dropbox.com\/s\/49qe19yq66sk0u0\/Decreto-Creaci%C3%B3n-del-Comit%C3%A9-de-Planeaci%C3%B3n-para-el-Desarrollo-del-Estado-de-BCS.pdf?dl=0\">Creaci\u00f3n del Comit\u00e9 de Planeaci\u00f3n para el Desarrollo del Estado de BCS<\/a><br \/>\n<a href=\"https:\/\/www.dropbox.com\/s\/egj4rzt9ryqqmaf\/Reforma-Constitucional-de-Mejora-Regulatoria.pdf?dl=0\">Reforma Constitucional de Mejora Regulatoria para el Estado de BCS<\/a><br \/>\n<\/div>\r\n            <\/div>\n<div class=\"mks_accordion_item\">\r\n            <div class=\"mks_accordion_heading\">Convenios<i class=\"fa fa-plus\"><\/i><i class=\"fa fa-minus\"><\/i><\/div>\r\n                <div class=\"mks_accordion_content\">\n<a href=\"https:\/\/www.dropbox.com\/s\/z1arc7tweviwvhc\/CONVENIO%20INDAABIN-GOB%20EDO%20BCS.pdf?dl=0\">Convenio entre INDAABIN y el Gobierno del Estado<\/a><br \/>\n<a href=\"https:\/\/www.dropbox.com\/s\/84vih9qu7myqrzj\/CONVENIO%20COMO%20VAMOS%20LA-PAZ%202019.pdf?dl=0\">Convenio de Colaboraci\u00f3n del Observatorio Ciudadano Como Vamos la Paz y el Gobierno del Estado de BCS<\/a><br \/>\n<a href=\"https:\/\/www.dropbox.com\/s\/ehxzj9gaf8fn5oe\/CONVENIO%20COORDINACION%20DATOS%20CARACTER%20PUBLICO%20-%20DATOS%20ABIERTOS%20-.pdf?dl=0\">Convenio de Colaboraci\u00f3n de Datos Abiertos entre la Secretaria de la Funci\u00f3n Publica y el Gobierno de BCS<\/a><br \/>\n<a href=\"https:\/\/www.dropbox.com\/s\/67uupopdh8ledog\/CONVENIO%20COORDINACION%20VENTALLINA%20UNICA%20NACIONAL.pdf?dl=0\">Convenio de Coordinaci\u00f3n y Colaboraci\u00f3n para Establecer la Ventanilla \u00danica para Los Tramites<\/a><br \/>\n<a href=\"https:\/\/www.dropbox.com\/s\/zzfbzdvu65lbf92\/Convenio-de-Simplificaci%C3%B3n-de-Tr%C3%A1mites-y-Servicios-del-Estado-de-BCS.pdf?dl=0\">Convenio de Simplificaci\u00f3n de Tr\u00e1mites y Servicios del Estado de BCS<\/a><br \/>\n<\/div>\r\n            <\/div>\n<\/div>\n","protected":false},"excerpt":{"rendered":"","protected":false},"author":1,"featured_media":0,"parent":0,"menu_order":0,"comment_status":"closed","ping_status":"closed","template":"","meta":{"_acf_changed":false,"footnotes":"","_links_to":"","_links_to_target":""},"class_list":["post-5219","page","type-page","status-publish","hentry"],"acf":[],"_links":{"self":[{"href":"https:\/\/datos.bcs.gob.mx\/index.php?rest_route=\/wp\/v2\/pages\/5219"}],"collection":[{"href":"https:\/\/datos.bcs.gob.mx\/index.php?rest_route=\/wp\/v2\/pages"}],"about":[{"href":"https:\/\/datos.bcs.gob.mx\/index.php?rest_route=\/wp\/v2\/types\/page"}],"author":[{"embeddable":true,"href":"https:\/\/datos.bcs.gob.mx\/index.php?rest_route=\/wp\/v2\/users\/1"}],"replies":[{"embeddable":true,"href":"https:\/\/datos.bcs.gob.mx\/index.php?rest_route=%2Fwp%2Fv2%2Fcomments&post=5219"}],"version-history":[{"count":27,"href":"https:\/\/datos.bcs.gob.mx\/index.php?rest_route=\/wp\/v2\/pages\/5219\/revisions"}],"predecessor-version":[{"id":7827,"href":"https:\/\/datos.bcs.gob.mx\/index.php?rest_route=\/wp\/v2\/pages\/5219\/revisions\/7827"}],"wp:attachment":[{"href":"https:\/\/datos.bcs.gob.mx\/index.php?rest_route=%2Fwp%2Fv2%2Fmedia&parent=5219"}],"curies":[{"name":"wp","href":"https:\/\/api.w.org\/{rel}","templated":true}]}}